CRAN Package Check Results for Package combinIT

Last updated on 2025-07-19 04:49:19 CEST.

Flavor Version Tinstall Tcheck Ttotal Status Flags
r-devel-linux-x86_64-debian-clang 2.0.0 32.56 50.06 82.62 NOTE
r-devel-linux-x86_64-debian-gcc 2.0.0 24.36 36.60 60.96 NOTE
r-devel-linux-x86_64-fedora-clang 2.0.0 124.38 NOTE
r-devel-linux-x86_64-fedora-gcc 2.0.0 134.04 NOTE
r-devel-windows-x86_64 2.0.0 37.00 84.00 121.00 NOTE
r-patched-linux-x86_64 2.0.0 33.09 49.06 82.15 NOTE
r-release-linux-x86_64 2.0.0 33.05 52.87 85.92 NOTE
r-release-macos-arm64 2.0.0 39.00 NOTE
r-release-macos-x86_64 2.0.0 59.00 NOTE
r-release-windows-x86_64 2.0.0 36.00 81.00 117.00 NOTE
r-oldrel-macos-arm64 2.0.0 37.00 NOTE
r-oldrel-macos-x86_64 2.0.0 58.00 NOTE
r-oldrel-windows-x86_64 2.0.0 44.00 99.00 143.00 NOTE

Check Details

Version: 2.0.0
Check: C++ specification
Result: NOTE Specified C++11: please drop specification unless essential Flavors: r-devel-linux-x86_64-debian-clang, r-devel-linux-x86_64-debian-gcc, r-devel-linux-x86_64-fedora-clang, r-devel-linux-x86_64-fedora-gcc, r-devel-windows-x86_64, r-patched-linux-x86_64, r-release-linux-x86_64, r-release-macos-arm64, r-release-macos-x86_64, r-release-windows-x86_64, r-oldrel-macos-arm64, r-oldrel-macos-x86_64, r-oldrel-windows-x86_64