Last updated on 2025-07-18 04:49:03 CEST.
Flavor | Version | Tinstall | Tcheck | Ttotal | Status | Flags |
---|---|---|---|---|---|---|
r-devel-linux-x86_64-debian-clang | 0.6.10 | 1.67 | 22.48 | 24.15 | OK | |
r-devel-linux-x86_64-debian-gcc | 0.6.10 | 1.46 | 18.32 | 19.78 | OK | |
r-devel-linux-x86_64-fedora-clang | 0.6.10 | 36.44 | OK | |||
r-devel-linux-x86_64-fedora-gcc | 0.6.10 | 50.02 | OK | |||
r-devel-windows-x86_64 | 0.6.10 | 2.00 | 45.00 | 47.00 | OK | |
r-patched-linux-x86_64 | 0.6.10 | 1.62 | 21.50 | 23.12 | OK | |
r-release-linux-x86_64 | 0.6.10 | 1.69 | 21.09 | 22.78 | OK | |
r-release-macos-arm64 | 0.6.10 | 23.00 | OK | |||
r-release-macos-x86_64 | 0.6.10 | 40.00 | OK | |||
r-release-windows-x86_64 | 0.6.10 | 3.00 | 44.00 | 47.00 | OK | |
r-oldrel-macos-arm64 | 0.6.10 | 27.00 | NOTE | |||
r-oldrel-macos-x86_64 | 0.6.10 | 33.00 | NOTE | |||
r-oldrel-windows-x86_64 | 0.6.10 | 5.00 | 49.00 | 54.00 | NOTE |
Version: 0.6.10
Check: LazyData
Result: NOTE
'LazyData' is specified without a 'data' directory
Flavors: r-oldrel-macos-arm64, r-oldrel-macos-x86_64, r-oldrel-windows-x86_64