Last updated on 2025-05-23 04:51:05 CEST.
Flavor | Version | Tinstall | Tcheck | Ttotal | Status | Flags |
---|---|---|---|---|---|---|
r-devel-linux-x86_64-debian-clang | 0.1.1 | 3.53 | 31.78 | 35.31 | OK | |
r-devel-linux-x86_64-debian-gcc | 0.1.1 | 2.85 | 25.12 | 27.97 | OK | |
r-devel-linux-x86_64-fedora-clang | 0.1.1 | 51.10 | NOTE | |||
r-devel-linux-x86_64-fedora-gcc | 0.1.1 | 81.51 | NOTE | |||
r-devel-windows-x86_64 | 0.1.1 | 7.00 | 91.00 | 98.00 | OK | |
r-patched-linux-x86_64 | 0.1.1 | 3.86 | 27.86 | 31.72 | OK | |
r-release-linux-x86_64 | 0.1.1 | 3.84 | 27.15 | 30.99 | OK | |
r-release-macos-arm64 | 0.1.1 | 54.00 | OK | |||
r-release-macos-x86_64 | 0.1.1 | 74.00 | OK | |||
r-release-windows-x86_64 | 0.1.1 | 6.00 | 96.00 | 102.00 | OK | |
r-oldrel-macos-arm64 | 0.1.1 | 44.00 | NOTE | |||
r-oldrel-macos-x86_64 | 0.1.1 | 75.00 | NOTE | |||
r-oldrel-windows-x86_64 | 0.1.1 | 6.00 | 62.00 | 68.00 | NOTE |
Version: 0.1.1
Check: dependencies in R code
Result: NOTE
Namespace in Imports field not imported from: ‘R6’
All declared Imports should be used.
Flavors: r-devel-linux-x86_64-fedora-clang, r-devel-linux-x86_64-fedora-gcc
Version: 0.1.1
Check: LazyData
Result: NOTE
'LazyData' is specified without a 'data' directory
Flavors: r-oldrel-macos-arm64, r-oldrel-macos-x86_64, r-oldrel-windows-x86_64