Last updated on 2025-05-23 04:51:05 CEST.
Flavor | Version | Tinstall | Tcheck | Ttotal | Status | Flags |
---|---|---|---|---|---|---|
r-devel-linux-x86_64-debian-clang | 1.7.1 | 2.66 | 35.88 | 38.54 | NOTE | |
r-devel-linux-x86_64-debian-gcc | 1.7.1 | 1.92 | 28.28 | 30.20 | NOTE | |
r-devel-linux-x86_64-fedora-clang | 1.7.1 | 60.48 | OK | |||
r-devel-linux-x86_64-fedora-gcc | 1.7.1 | 71.74 | OK | |||
r-devel-windows-x86_64 | 1.7.1 | 5.00 | 62.00 | 67.00 | OK | |
r-patched-linux-x86_64 | 1.7.1 | 2.95 | 34.53 | 37.48 | OK | |
r-release-linux-x86_64 | 1.7.1 | 1.94 | 34.41 | 36.35 | OK | |
r-release-macos-arm64 | 1.7.1 | 42.00 | OK | |||
r-release-macos-x86_64 | 1.7.1 | 57.00 | OK | |||
r-release-windows-x86_64 | 1.7.1 | 5.00 | 99.00 | 104.00 | OK | |
r-oldrel-macos-arm64 | 1.7.1 | 28.00 | OK | |||
r-oldrel-macos-x86_64 | 1.7.1 | 42.00 | OK | |||
r-oldrel-windows-x86_64 | 1.7.1 | 5.00 | 65.00 | 70.00 | OK |
Version: 1.7.1
Check: CRAN incoming feasibility
Result: NOTE
Maintainer: ‘Sidharth Macherla <msidharthrasik@gmail.com>’
Package CITATION file contains call(s) to old-style citEntry(). Please
use bibentry() instead.
Flavors: r-devel-linux-x86_64-debian-clang, r-devel-linux-x86_64-debian-gcc