Last updated on 2025-07-17 04:54:36 CEST.
Flavor | Version | Tinstall | Tcheck | Ttotal | Status | Flags |
---|---|---|---|---|---|---|
r-devel-linux-x86_64-debian-clang | 1.1-6 | 47.75 | 704.57 | 752.32 | OK | |
r-devel-linux-x86_64-debian-gcc | 1.1-6 | 29.48 | 487.91 | 517.39 | OK | |
r-devel-linux-x86_64-fedora-clang | 1.1-6 | 1123.96 | OK | |||
r-devel-linux-x86_64-fedora-gcc | 1.1-6 | 1109.00 | OK | |||
r-devel-windows-x86_64 | 1.1-6 | 52.00 | 419.00 | 471.00 | OK | --no-vignettes |
r-patched-linux-x86_64 | 1.1-6 | 51.14 | 669.27 | 720.41 | OK | |
r-release-linux-x86_64 | 1.1-6 | 45.82 | 671.66 | 717.48 | OK | |
r-release-macos-arm64 | 1.1-6 | 364.00 | OK | |||
r-release-macos-x86_64 | 1.1-6 | 735.00 | OK | |||
r-release-windows-x86_64 | 1.1-6 | 55.00 | 427.00 | 482.00 | OK | --no-vignettes |
r-oldrel-macos-arm64 | 1.1-6 | 304.00 | NOTE | |||
r-oldrel-macos-x86_64 | 1.1-6 | 611.00 | NOTE | |||
r-oldrel-windows-x86_64 | 1.1-6 | 74.00 | 474.00 | 548.00 | NOTE | --no-vignettes |
Version: 1.1-6
Check: installed package size
Result: NOTE
installed size is 7.8Mb
sub-directories of 1Mb or more:
R 2.4Mb
doc 3.2Mb
Flavors: r-oldrel-macos-arm64, r-oldrel-macos-x86_64
Version: 1.1-6
Flags: --no-vignettes
Check: installed package size
Result: NOTE
installed size is 7.3Mb
sub-directories of 1Mb or more:
R 2.1Mb
doc 3.2Mb
Flavor: r-oldrel-windows-x86_64