Last updated on 2025-07-17 04:54:36 CEST.
Flavor | Version | Tinstall | Tcheck | Ttotal | Status | Flags |
---|---|---|---|---|---|---|
r-devel-linux-x86_64-debian-clang | 1.2.4 | 5.47 | 53.77 | 59.24 | OK | |
r-devel-linux-x86_64-debian-gcc | 1.2.4 | 3.94 | 38.14 | 42.08 | OK | |
r-devel-linux-x86_64-fedora-clang | 1.2.4 | 90.30 | NOTE | |||
r-devel-linux-x86_64-fedora-gcc | 1.2.4 | 97.49 | NOTE | |||
r-devel-windows-x86_64 | 1.2.4 | 8.00 | 77.00 | 85.00 | OK | |
r-patched-linux-x86_64 | 1.2.4 | 5.98 | 49.17 | 55.15 | OK | |
r-release-linux-x86_64 | 1.2.4 | 4.84 | 49.16 | 54.00 | OK | |
r-release-macos-arm64 | 1.2.4 | 49.00 | OK | |||
r-release-macos-x86_64 | 1.2.4 | 74.00 | OK | |||
r-release-windows-x86_64 | 1.2.4 | 7.00 | 76.00 | 83.00 | OK | |
r-oldrel-macos-arm64 | 1.2.4 | 37.00 | OK | |||
r-oldrel-macos-x86_64 | 1.2.4 | 62.00 | OK | |||
r-oldrel-windows-x86_64 | 1.2.4 | 10.00 | 90.00 | 100.00 | OK |
Version: 1.2.4
Check: dependencies in R code
Result: NOTE
Namespaces in Imports field not imported from:
‘knitr’ ‘rmarkdown’
All declared Imports should be used.
Flavors: r-devel-linux-x86_64-fedora-clang, r-devel-linux-x86_64-fedora-gcc