Last updated on 2025-05-23 04:51:06 CEST.
Flavor | Version | Tinstall | Tcheck | Ttotal | Status | Flags |
---|---|---|---|---|---|---|
r-devel-linux-x86_64-debian-clang | 1.0.1 | 26.97 | 163.80 | 190.77 | NOTE | |
r-devel-linux-x86_64-debian-gcc | 1.0.1 | 18.36 | 125.51 | 143.87 | NOTE | |
r-devel-linux-x86_64-fedora-clang | 1.0.1 | 230.64 | NOTE | |||
r-devel-linux-x86_64-fedora-gcc | 1.0.1 | 238.44 | NOTE | |||
r-devel-windows-x86_64 | 1.0.1 | 32.00 | 112.00 | 144.00 | NOTE | |
r-patched-linux-x86_64 | 1.0.1 | 27.49 | 141.74 | 169.23 | NOTE | |
r-release-linux-x86_64 | 1.0.1 | 26.00 | 141.97 | 167.97 | NOTE | |
r-release-macos-arm64 | 1.0.1 | 56.00 | NOTE | |||
r-release-macos-x86_64 | 1.0.1 | 87.00 | NOTE | |||
r-release-windows-x86_64 | 1.0.1 | 34.00 | 110.00 | 144.00 | NOTE | |
r-oldrel-macos-arm64 | 1.0.1 | 55.00 | NOTE | |||
r-oldrel-macos-x86_64 | 1.0.1 | 78.00 | NOTE | |||
r-oldrel-windows-x86_64 | 1.0.1 | 37.00 | 135.00 | 172.00 | NOTE |
Version: 1.0.1
Check: C++ specification
Result: NOTE
Specified C++11: please drop specification unless essential
Flavors: r-devel-linux-x86_64-debian-clang, r-devel-linux-x86_64-debian-gcc, r-devel-linux-x86_64-fedora-clang, r-devel-linux-x86_64-fedora-gcc, r-devel-windows-x86_64, r-patched-linux-x86_64, r-release-linux-x86_64, r-release-macos-arm64, r-release-macos-x86_64, r-release-windows-x86_64, r-oldrel-macos-arm64, r-oldrel-macos-x86_64, r-oldrel-windows-x86_64