Last updated on 2025-10-31 03:50:00 CET.
| Flavor | Version | Tinstall | Tcheck | Ttotal | Status | Flags | 
|---|---|---|---|---|---|---|
| r-devel-linux-x86_64-debian-clang | 1.1.0 | 2.41 | 28.48 | 30.89 | NOTE | |
| r-devel-linux-x86_64-debian-gcc | 1.1.0 | 1.71 | 21.77 | 23.48 | NOTE | |
| r-devel-linux-x86_64-fedora-clang | 1.1.0 | 43.84 | OK | |||
| r-devel-linux-x86_64-fedora-gcc | 1.1.0 | 41.59 | OK | |||
| r-devel-windows-x86_64 | 1.1.0 | 3.00 | 49.00 | 52.00 | OK | |
| r-patched-linux-x86_64 | 1.1.0 | 2.00 | 26.93 | 28.93 | OK | |
| r-release-linux-x86_64 | 1.1.0 | 2.26 | 26.93 | 29.19 | OK | |
| r-release-macos-arm64 | 1.1.0 | 1.00 | 17.00 | 18.00 | OK | |
| r-release-macos-x86_64 | 1.1.0 | 2.00 | 28.00 | 30.00 | OK | |
| r-release-windows-x86_64 | 1.1.0 | 4.00 | 54.00 | 58.00 | OK | |
| r-oldrel-macos-arm64 | 1.1.0 | 1.00 | 16.00 | 17.00 | OK | |
| r-oldrel-macos-x86_64 | 1.1.0 | 2.00 | 24.00 | 26.00 | OK | |
| r-oldrel-windows-x86_64 | 1.1.0 | 4.00 | 56.00 | 60.00 | OK | 
Version: 1.1.0
Check: CRAN incoming feasibility
Result: NOTE
  Maintainer: ‘Shahin Tavakoli <s.tavakoli@warwick.ac.uk>’
  
  The Description field contains
    <https://projecteuclid.org/euclid.aos/1498636862> <arXiv:1505.02023>.
  Please refer to arXiv e-prints via their arXiv DOI <doi:10.48550/arXiv.YYMM.NNNNN>.
Flavors: r-devel-linux-x86_64-debian-clang, r-devel-linux-x86_64-debian-gcc