Last updated on 2025-05-23 04:51:06 CEST.
Flavor | Version | Tinstall | Tcheck | Ttotal | Status | Flags |
---|---|---|---|---|---|---|
r-devel-linux-x86_64-debian-clang | 1.1.2 | 10.47 | 87.56 | 98.03 | OK | |
r-devel-linux-x86_64-debian-gcc | 1.1.2 | 8.55 | 62.42 | 70.97 | OK | |
r-devel-linux-x86_64-fedora-clang | 1.1.2 | 154.36 | OK | |||
r-devel-linux-x86_64-fedora-gcc | 1.1.2 | 161.45 | OK | |||
r-devel-windows-x86_64 | 1.1.2 | 15.00 | 199.00 | 214.00 | ERROR | |
r-patched-linux-x86_64 | 1.1.2 | 14.22 | 82.26 | 96.48 | OK | |
r-release-linux-x86_64 | 1.1.2 | 12.29 | 82.00 | 94.29 | OK | |
r-release-macos-arm64 | 1.1.2 | 61.00 | OK | |||
r-release-macos-x86_64 | 1.1.2 | 110.00 | OK | |||
r-release-windows-x86_64 | 1.1.2 | 14.00 | 112.00 | 126.00 | OK | |
r-oldrel-macos-arm64 | 1.1.2 | 60.00 | OK | |||
r-oldrel-macos-x86_64 | 1.1.2 | 122.00 | OK | |||
r-oldrel-windows-x86_64 | 1.1.0 | 19.00 | 125.00 | 144.00 | OK |
Version: 1.1.2
Check: tests
Result: ERROR
Running 'testthat.R' [13s]
Running the tests in 'tests/testthat.R' failed.
Complete output:
> library(testthat)
> library(crew)
Attaching package: 'crew'
The following object is masked from 'package:testthat':
matches
>
> test_check("crew")
[ FAIL 1 | WARN 0 | SKIP 111 | PASS 621 ]
══ Skipped tests (111) ═════════════════════════════════════════════════════════
• On CRAN (110): 'test-class_monad.R:18:3', 'test-crew_async.R:7:3',
'test-crew_async.R:18:3', 'test-crew_async.R:42:3',
'test-crew_client.R:30:3', 'test-crew_client.R:96:3',
'test-crew_controller.R:8:3', 'test-crew_controller.R:56:3',
'test-crew_controller.R:85:3', 'test-crew_controller.R:112:3',
'test-crew_controller.R:157:3', 'test-crew_controller.R:169:3',
'test-crew_controller.R:200:3', 'test-crew_controller.R:236:3',
'test-crew_controller.R:261:3', 'test-crew_controller.R:280:3',
'test-crew_controller.R:300:3', 'test-crew_controller.R:318:3',
'test-crew_controller.R:363:3', 'test-crew_controller.R:439:3',
'test-crew_controller.R:456:3', 'test-crew_controller.R:477:3',
'test-crew_controller.R:510:3', 'test-crew_controller.R:538:3',
'test-crew_controller.R:571:3', 'test-crew_controller.R:608:3',
'test-crew_controller.R:632:3', 'test-crew_controller.R:667:3',
'test-crew_controller.R:685:3', 'test-crew_controller.R:724:3',
'test-crew_controller.R:773:3', 'test-crew_controller.R:811:3',
'test-crew_controller.R:865:3', 'test-crew_controller_group.R:20:3',
'test-crew_controller_group.R:166:3', 'test-crew_controller_group.R:194:3',
'test-crew_controller_group.R:222:3', 'test-crew_controller_group.R:251:3',
'test-crew_controller_group.R:293:3', 'test-crew_controller_group.R:330:3',
'test-crew_controller_group.R:367:3', 'test-crew_controller_group.R:397:3',
'test-crew_controller_group.R:427:3', 'test-crew_controller_group.R:447:3',
'test-crew_controller_group.R:474:3', 'test-crew_controller_group.R:501:3',
'test-crew_controller_group.R:546:3', 'test-crew_controller_group.R:587:3',
'test-crew_controller_group.R:615:3', 'test-crew_controller_group.R:636:3',
'test-crew_controller_group.R:685:3', 'test-crew_controller_group.R:731:3',
'test-crew_controller_group.R:777:3', 'test-crew_controller_group.R:833:3',
'test-crew_controller_local.R:140:3', 'test-crew_controller_local.R:194:3',
'test-crew_controller_local.R:224:3', 'test-crew_controller_local.R:254:3',
'test-crew_controller_local.R:284:3', 'test-crew_controller_local.R:316:3',
'test-crew_controller_local.R:353:3', 'test-crew_eval.R:37:3',
'test-crew_eval.R:43:3', 'test-crew_eval.R:49:3', 'test-crew_eval.R:63:3',
'test-crew_eval.R:71:3', 'test-crew_eval.R:102:3', 'test-crew_eval.R:133:3',
'test-crew_eval.R:159:3', 'test-crew_eval.R:184:3',
'test-crew_launcher.R:2:3', 'test-crew_launcher.R:8:3',
'test-crew_launcher.R:21:3', 'test-crew_launcher.R:53:3',
'test-crew_launcher.R:67:3', 'test-crew_launcher.R:175:3',
'test-crew_launcher.R:202:3', 'test-crew_launcher.R:232:3',
'test-crew_launcher.R:264:3', 'test-crew_launcher.R:298:3',
'test-crew_launcher_local.R:14:3', 'test-crew_launcher_local.R:31:3',
'test-crew_launcher_local.R:47:3', 'test-crew_launcher_local.R:63:3',
'test-crew_launcher_local.R:107:3', 'test-crew_launcher_local.R:153:3',
'test-crew_monitor_local.R:2:3', 'test-crew_monitor_local.R:27:3',
'test-crew_monitor_local.R:44:3', 'test-crew_retry.R:2:3',
'test-crew_retry.R:16:3', 'test-crew_retry.R:29:3', 'test-crew_retry.R:48:3',
'test-crew_retry.R:67:3', 'test-crew_terminate_process.R:2:3',
'test-crew_worker.R:2:3', 'test-crew_worker.R:47:3', 'test-plugins.R:2:3',
'test-plugins.R:101:3', 'test-plugins.R:204:3', 'test-plugins.R:293:3',
'test-plugins.R:421:3', 'test-utils_files.R:2:3', 'test-utils_mirai.R:2:3',
'test-utils_mirai.R:13:3', 'test-utils_mirai.R:18:3',
'test-utils_mirai.R:33:3', 'test-utils_mirai.R:52:3',
'test-utils_mirai.R:71:3', 'test-utils_packages.R:2:3'
• On Windows (1): 'test-crew_controller_local.R:2:3'
══ Failed tests ════════════════════════════════════════════════════════════════
── Failure ('test-crew_relay.R:24:3'): relay and waiting ───────────────────────
nanonext::cv_value(x$to) (`actual`) not equal to 1L (`expected`).
`actual`: 0
`expected`: 1
[ FAIL 1 | WARN 0 | SKIP 111 | PASS 621 ]
Error: Test failures
Execution halted
Flavor: r-devel-windows-x86_64