CRAN Package Check Results for Package csv

Last updated on 2025-07-18 04:49:04 CEST.

Flavor Version Tinstall Tcheck Ttotal Status Flags
r-devel-linux-x86_64-debian-clang 0.6.2 1.96 21.90 23.86 NOTE
r-devel-linux-x86_64-debian-gcc 0.6.2 1.55 17.65 19.20 NOTE
r-devel-linux-x86_64-fedora-clang 0.6.2 35.60 OK
r-devel-linux-x86_64-fedora-gcc 0.6.2 32.65 OK
r-devel-windows-x86_64 0.6.2 5.00 42.00 47.00 OK
r-patched-linux-x86_64 0.6.2 1.99 20.15 22.14 OK
r-release-linux-x86_64 0.6.2 1.77 19.99 21.76 OK
r-release-macos-arm64 0.6.2 17.00 OK
r-release-macos-x86_64 0.6.2 25.00 OK
r-release-windows-x86_64 0.6.2 3.00 43.00 46.00 OK
r-oldrel-macos-arm64 0.6.2 17.00 OK
r-oldrel-macos-x86_64 0.6.2 23.00 OK
r-oldrel-windows-x86_64 0.6.2 3.00 45.00 48.00 OK

Check Details

Version: 0.6.2
Check: CRAN incoming feasibility
Result: NOTE Maintainer: ‘Tim Bergsma <bergsmat@gmail.com>’ No Authors@R field in DESCRIPTION. Please add one, modifying Authors@R: person(given = "Tim", family = "Bergsma", role = c("aut", "cre"), email = "bergsmat@gmail.com") as necessary. Flavors: r-devel-linux-x86_64-debian-clang, r-devel-linux-x86_64-debian-gcc