Last updated on 2025-05-23 04:51:06 CEST.
Flavor | Version | Tinstall | Tcheck | Ttotal | Status | Flags |
---|---|---|---|---|---|---|
r-devel-linux-x86_64-debian-clang | 0.1.0 | 2.54 | 35.71 | 38.25 | OK | |
r-devel-linux-x86_64-debian-gcc | 0.1.0 | 2.16 | 26.70 | 28.86 | OK | |
r-devel-linux-x86_64-fedora-clang | 0.1.0 | 60.51 | OK | |||
r-devel-linux-x86_64-fedora-gcc | 0.1.0 | 56.98 | OK | |||
r-devel-windows-x86_64 | 0.1.0 | 3.00 | 100.00 | 103.00 | OK | |
r-patched-linux-x86_64 | 0.1.0 | 2.43 | 33.87 | 36.30 | OK | |
r-release-linux-x86_64 | 0.1.0 | 2.64 | 34.03 | 36.67 | OK | |
r-release-macos-arm64 | 0.1.0 | 22.00 | OK | |||
r-release-macos-x86_64 | 0.1.0 | 41.00 | OK | |||
r-release-windows-x86_64 | 0.1.0 | 4.00 | 85.00 | 89.00 | OK | |
r-oldrel-macos-arm64 | 0.1.0 | 21.00 | NOTE | |||
r-oldrel-macos-x86_64 | 0.1.0 | 33.00 | NOTE | |||
r-oldrel-windows-x86_64 | 0.1.0 | 4.00 | 62.00 | 66.00 | NOTE |
Version: 0.1.0
Check: LazyData
Result: NOTE
'LazyData' is specified without a 'data' directory
Flavors: r-oldrel-macos-arm64, r-oldrel-macos-x86_64, r-oldrel-windows-x86_64