CRAN Package Check Results for Package dani

Last updated on 2025-07-18 04:49:04 CEST.

Flavor Version Tinstall Tcheck Ttotal Status Flags
r-devel-linux-x86_64-debian-clang 0.1-1 9.69 78.14 87.83 NOTE
r-devel-linux-x86_64-debian-gcc 0.1-1 7.16 54.65 61.81 NOTE
r-devel-linux-x86_64-fedora-clang 0.1-1 134.54 OK
r-devel-linux-x86_64-fedora-gcc 0.1-1 133.04 OK
r-devel-windows-x86_64 0.1-1 11.00 78.00 89.00 OK
r-patched-linux-x86_64 0.1-1 9.48 71.41 80.89 OK
r-release-linux-x86_64 0.1-1 10.07 70.84 80.91 OK
r-release-macos-arm64 0.1-1 39.00 OK
r-release-macos-x86_64 0.1-1 68.00 OK
r-release-windows-x86_64 0.1-1 12.00 82.00 94.00 OK
r-oldrel-macos-arm64 0.1-1 39.00 OK
r-oldrel-macos-x86_64 0.1-1 60.00 OK
r-oldrel-windows-x86_64 0.1-1 14.00 100.00 114.00 OK

Check Details

Version: 0.1-1
Check: CRAN incoming feasibility
Result: NOTE Maintainer: ‘Matteo Quartagno <m.quartagno@ucl.ac.uk>’ No Authors@R field in DESCRIPTION. Please add one, modifying Authors@R: person(given = "Matteo", family = "Quartagno", role = c("aut", "cre"), email = "m.quartagno@ucl.ac.uk") as necessary. The Description field contains et al. (2019) <arXiv:1905.00241>. Please refer to arXiv e-prints via their arXiv DOI <doi:10.48550/arXiv.YYMM.NNNNN>. Flavors: r-devel-linux-x86_64-debian-clang, r-devel-linux-x86_64-debian-gcc