Last updated on 2025-07-18 04:49:04 CEST.
Flavor | Version | Tinstall | Tcheck | Ttotal | Status | Flags |
---|---|---|---|---|---|---|
r-devel-linux-x86_64-debian-clang | 1.2.0 | 4.61 | 45.24 | 49.85 | NOTE | |
r-devel-linux-x86_64-debian-gcc | 1.2.0 | 2.64 | 33.56 | 36.20 | NOTE | |
r-devel-linux-x86_64-fedora-clang | 1.2.0 | 77.55 | OK | |||
r-devel-linux-x86_64-fedora-gcc | 1.2.0 | 74.55 | OK | |||
r-devel-windows-x86_64 | 1.2.0 | 6.00 | 63.00 | 69.00 | OK | |
r-patched-linux-x86_64 | 1.2.0 | 4.65 | 42.52 | 47.17 | OK | |
r-release-linux-x86_64 | 1.2.0 | 4.51 | 42.40 | 46.91 | OK | |
r-release-macos-arm64 | 1.2.0 | 25.00 | OK | |||
r-release-macos-x86_64 | 1.2.0 | 60.00 | OK | |||
r-release-windows-x86_64 | 1.2.0 | 5.00 | 64.00 | 69.00 | OK | |
r-oldrel-macos-arm64 | 1.2.0 | 23.00 | OK | |||
r-oldrel-macos-x86_64 | 1.2.0 | 34.00 | OK | |||
r-oldrel-windows-x86_64 | 1.2.0 | 7.00 | 72.00 | 79.00 | OK |
Version: 1.2.0
Check: CRAN incoming feasibility
Result: NOTE
Maintainer: ‘Gokmen Altay <altaylabs@gmail.com>’
No Authors@R field in DESCRIPTION.
Please add one, modifying
Authors@R: person(given = "Gokmen",
family = "Altay",
role = c("aut", "cre"),
email = "altaylabs@gmail.com")
as necessary.
Flavors: r-devel-linux-x86_64-debian-clang, r-devel-linux-x86_64-debian-gcc