CRAN Package Check Results for Package dcmle

Last updated on 2025-07-19 04:49:20 CEST.

Flavor Version Tinstall Tcheck Ttotal Status Flags
r-devel-linux-x86_64-debian-clang 0.4-2 33.14 217.25 250.39 OK
r-devel-linux-x86_64-debian-gcc 0.4-2 22.88 152.42 175.30 OK
r-devel-linux-x86_64-fedora-clang 0.4-2 386.39 OK
r-devel-linux-x86_64-fedora-gcc 0.4-2 317.61 OK
r-devel-windows-x86_64 0.4-2 25.00 214.00 239.00 OK
r-patched-linux-x86_64 0.4-2 30.84 210.45 241.29 OK
r-release-linux-x86_64 0.4-1 30.47 211.48 241.95 NOTE
r-release-macos-arm64 0.4-2 91.00 OK
r-release-macos-x86_64 0.4-2 215.00 OK
r-release-windows-x86_64 0.4-2 24.00 213.00 237.00 OK
r-oldrel-macos-arm64 0.4-2 99.00 OK
r-oldrel-macos-x86_64 0.4-2 183.00 OK
r-oldrel-windows-x86_64 0.4-2 34.00 272.00 306.00 OK

Check Details

Version: 0.4-1
Check: Rd cross-references
Result: NOTE Found the following Rd file(s) with Rd \link{} targets missing package anchors: dcFit-class.Rd: bugs.fit gsFit-class.Rd: bugs.fit Please provide package anchors for all Rd \link{} targets not in the package itself and the base packages. Flavor: r-release-linux-x86_64