CRAN Package Check Results for Package depend.truncation

Last updated on 2025-07-20 04:50:59 CEST.

Flavor Version Tinstall Tcheck Ttotal Status Flags
r-devel-linux-x86_64-debian-clang 3.0 9.19 50.60 59.79 NOTE
r-devel-linux-x86_64-debian-gcc 3.0 5.78 34.73 40.51 NOTE
r-devel-linux-x86_64-fedora-clang 3.0 93.90 OK
r-devel-linux-x86_64-fedora-gcc 3.0 87.74 OK
r-devel-windows-x86_64 3.0 9.00 67.00 76.00 OK
r-patched-linux-x86_64 3.0 8.48 46.64 55.12 OK
r-release-linux-x86_64 3.0 8.30 47.29 55.59 OK
r-release-macos-arm64 3.0 26.00 OK
r-release-macos-x86_64 3.0 48.00 OK
r-release-windows-x86_64 3.0 8.00 67.00 75.00 OK
r-oldrel-macos-arm64 3.0 25.00 OK
r-oldrel-macos-x86_64 3.0 39.00 OK
r-oldrel-windows-x86_64 3.0 9.00 76.00 85.00 OK

Check Details

Version: 3.0
Check: CRAN incoming feasibility
Result: NOTE Maintainer: ‘Takeshi Emura <takeshiemura@gmail.com>’ No Authors@R field in DESCRIPTION. Please add one, modifying Authors@R: person(given = "Takeshi", family = "Emura", role = c("aut", "cre"), email = "takeshiemura@gmail.com") as necessary. Flavors: r-devel-linux-x86_64-debian-clang, r-devel-linux-x86_64-debian-gcc