CRAN Package Check Results for Package dice

Last updated on 2025-07-18 04:49:05 CEST.

Flavor Version Tinstall Tcheck Ttotal Status Flags
r-devel-linux-x86_64-debian-clang 1.2 1.76 20.62 22.38 NOTE
r-devel-linux-x86_64-debian-gcc 1.2 1.63 17.72 19.35 NOTE
r-devel-linux-x86_64-fedora-clang 1.2 34.73 OK
r-devel-linux-x86_64-fedora-gcc 1.2 33.42 OK
r-devel-windows-x86_64 1.2 3.00 47.00 50.00 OK
r-patched-linux-x86_64 1.2 1.93 19.76 21.69 OK
r-release-linux-x86_64 1.2 1.71 19.37 21.08 OK
r-release-macos-arm64 1.2 17.00 OK
r-release-macos-x86_64 1.2 24.00 OK
r-release-windows-x86_64 1.2 3.00 48.00 51.00 OK
r-oldrel-macos-arm64 1.2 16.00 OK
r-oldrel-macos-x86_64 1.2 24.00 OK
r-oldrel-windows-x86_64 1.2 4.00 51.00 55.00 OK

Check Details

Version: 1.2
Check: CRAN incoming feasibility
Result: NOTE Maintainer: ‘Dylan Arena <dylanarena1@gmail.com>’ No Authors@R field in DESCRIPTION. Please add one, modifying Authors@R: person(given = "Dylan", family = "Arena", role = c("aut", "cre"), email = "dylanarena1@gmail.com") as necessary. Flavors: r-devel-linux-x86_64-debian-clang, r-devel-linux-x86_64-debian-gcc