CRAN Package Check Results for Package digitize

Last updated on 2025-07-19 04:49:20 CEST.

Flavor Version Tinstall Tcheck Ttotal Status Flags
r-devel-linux-x86_64-debian-clang 0.0.4 1.69 19.78 21.47 NOTE
r-devel-linux-x86_64-debian-gcc 0.0.4 1.43 16.21 17.64 NOTE
r-devel-linux-x86_64-fedora-clang 0.0.4 32.43 OK
r-devel-linux-x86_64-fedora-gcc 0.0.4 48.34 OK
r-devel-windows-x86_64 0.0.4 3.00 41.00 44.00 OK
r-patched-linux-x86_64 0.0.4 1.86 18.47 20.33 OK
r-release-linux-x86_64 0.0.4 1.68 18.09 19.77 OK
r-release-macos-arm64 0.0.4 29.00 OK
r-release-macos-x86_64 0.0.4 43.00 OK
r-release-windows-x86_64 0.0.4 3.00 40.00 43.00 OK
r-oldrel-macos-arm64 0.0.4 21.00 OK
r-oldrel-macos-x86_64 0.0.4 31.00 OK
r-oldrel-windows-x86_64 0.0.4 3.00 44.00 47.00 OK

Check Details

Version: 0.0.4
Check: CRAN incoming feasibility
Result: NOTE Maintainer: ‘Jaime Ashander <jashander@ucdavis.edu>’ Package CITATION file contains call(s) to old-style personList() or as.personList(). Please use c() on person objects instead. Package CITATION file contains call(s) to old-style citEntry(). Please use bibentry() instead. Flavors: r-devel-linux-x86_64-debian-clang, r-devel-linux-x86_64-debian-gcc