Last updated on 2025-05-23 04:51:06 CEST.
Flavor | Version | Tinstall | Tcheck | Ttotal | Status | Flags |
---|---|---|---|---|---|---|
r-devel-linux-x86_64-debian-clang | 0.2-3 | 40.20 | 359.67 | 399.87 | NOTE | |
r-devel-linux-x86_64-debian-gcc | 0.2-3 | 28.76 | 237.47 | 266.23 | NOTE | |
r-devel-linux-x86_64-fedora-clang | 0.2-3 | 623.56 | OK | |||
r-devel-linux-x86_64-fedora-gcc | 0.2-3 | 612.82 | OK | |||
r-devel-windows-x86_64 | 0.2-3 | 34.00 | 271.00 | 305.00 | OK | |
r-patched-linux-x86_64 | 0.2-3 | 38.95 | 339.88 | 378.83 | OK | |
r-release-linux-x86_64 | 0.2-3 | 34.28 | 339.50 | 373.78 | OK | |
r-release-macos-arm64 | 0.2-3 | 150.00 | OK | |||
r-release-macos-x86_64 | 0.2-3 | 308.00 | OK | |||
r-release-windows-x86_64 | 0.2-3 | 36.00 | 273.00 | 309.00 | OK | |
r-oldrel-macos-arm64 | 0.2-3 | 137.00 | OK | |||
r-oldrel-macos-x86_64 | 0.2-3 | 229.00 | OK | |||
r-oldrel-windows-x86_64 | 0.2-3 | 50.00 | 375.00 | 425.00 | OK |
Version: 0.2-3
Check: CRAN incoming feasibility
Result: NOTE
Maintainer: ‘Pierre Roudier <roudierp@landcareresearch.co.nz>’
Found the following URLs which should use \doi (with the DOI name only):
File ‘dissever.Rd’:
http://dx.doi.org/10.1016/j.cageo.2011.08.021
File ‘edgeroi.Rd’:
http://dx.doi.org/10.1016/S0016-7061(03)00223-4
http://dx.doi.org/10.1016/j.geoderma.2009.10.007
Flavors: r-devel-linux-x86_64-debian-clang, r-devel-linux-x86_64-debian-gcc