Last updated on 2025-07-19 04:49:20 CEST.
Flavor | Version | Tinstall | Tcheck | Ttotal | Status | Flags |
---|---|---|---|---|---|---|
r-devel-linux-x86_64-debian-clang | 2.3 | 53.89 | 580.15 | 634.04 | OK | |
r-devel-linux-x86_64-debian-gcc | 2.3 | 37.29 | 420.94 | 458.23 | OK | |
r-devel-linux-x86_64-fedora-clang | 2.3 | 1044.49 | OK | |||
r-devel-linux-x86_64-fedora-gcc | 2.3 | 1018.41 | OK | |||
r-devel-windows-x86_64 | 2.3 | 53.00 | 592.00 | 645.00 | OK | |
r-patched-linux-x86_64 | 2.3 | 52.02 | 550.19 | 602.21 | OK | |
r-release-linux-x86_64 | 2.3 | 47.82 | 556.06 | 603.88 | OK | |
r-release-macos-arm64 | 2.3 | 271.00 | OK | |||
r-release-macos-x86_64 | 2.3 | 516.00 | OK | |||
r-release-windows-x86_64 | 2.3 | 52.00 | 584.00 | 636.00 | OK | |
r-oldrel-macos-arm64 | 2.3 | 196.00 | OK | |||
r-oldrel-macos-x86_64 | 2.3 | 315.00 | NOTE | |||
r-oldrel-windows-x86_64 | 2.3 | 70.00 | 721.00 | 791.00 | OK |
Version: 2.3
Check: package dependencies
Result: NOTE
Package suggested but not available for checking: ‘pwalign’
Flavor: r-oldrel-macos-x86_64