Last updated on 2025-05-23 04:51:07 CEST.
Flavor | Version | Tinstall | Tcheck | Ttotal | Status | Flags |
---|---|---|---|---|---|---|
r-devel-linux-x86_64-debian-clang | 1.0.2 | 3.04 | 39.37 | 42.41 | OK | |
r-devel-linux-x86_64-debian-gcc | 1.0.2 | 2.14 | 29.56 | 31.70 | OK | |
r-devel-linux-x86_64-fedora-clang | 1.0.2 | 69.49 | OK | |||
r-devel-linux-x86_64-fedora-gcc | 1.0.2 | 647.59 | OK | |||
r-devel-windows-x86_64 | 1.0.2 | 5.00 | 113.00 | 118.00 | OK | |
r-patched-linux-x86_64 | 1.0.2 | 3.16 | 37.47 | 40.63 | OK | |
r-release-linux-x86_64 | 1.0.2 | 2.98 | 37.83 | 40.81 | OK | |
r-release-macos-arm64 | 1.0.2 | 397.00 | OK | |||
r-release-macos-x86_64 | 1.0.2 | 916.00 | OK | |||
r-release-windows-x86_64 | 1.0.2 | 5.00 | 94.00 | 99.00 | OK | |
r-oldrel-macos-arm64 | 1.0.2 | 228.00 | NOTE | |||
r-oldrel-macos-x86_64 | 1.0.2 | 518.00 | NOTE | |||
r-oldrel-windows-x86_64 | 1.0.2 | 6.00 | 73.00 | 79.00 | NOTE |
Version: 1.0.2
Check: package dependencies
Result: NOTE
Packages suggested but not available for checking: 'dsBase', 'dsBaseClient'
Flavors: r-oldrel-macos-arm64, r-oldrel-macos-x86_64, r-oldrel-windows-x86_64