Last updated on 2025-05-23 04:51:07 CEST.
Flavor | Version | Tinstall | Tcheck | Ttotal | Status | Flags |
---|---|---|---|---|---|---|
r-devel-linux-x86_64-debian-clang | 0.2.2 | 23.29 | 191.18 | 214.47 | NOTE | |
r-devel-linux-x86_64-debian-gcc | 0.2.2 | 15.75 | 131.60 | 147.35 | NOTE | |
r-devel-linux-x86_64-fedora-clang | 0.2.2 | 327.79 | NOTE | |||
r-devel-linux-x86_64-fedora-gcc | 0.2.2 | 329.76 | NOTE | |||
r-devel-windows-x86_64 | 0.2.2 | 28.00 | 177.00 | 205.00 | NOTE | |
r-patched-linux-x86_64 | 0.2.2 | 23.07 | 177.34 | 200.41 | NOTE | |
r-release-linux-x86_64 | 0.2.2 | 23.14 | 174.04 | 197.18 | NOTE | |
r-release-macos-arm64 | 0.2.2 | 88.00 | NOTE | |||
r-release-macos-x86_64 | 0.2.2 | 184.00 | NOTE | |||
r-release-windows-x86_64 | 0.2.2 | 26.00 | 177.00 | 203.00 | NOTE | |
r-oldrel-macos-arm64 | 0.2.2 | 74.00 | OK | |||
r-oldrel-macos-x86_64 | 0.2.2 | 117.00 | OK | |||
r-oldrel-windows-x86_64 | 0.2.2 | 34.00 | 226.00 | 260.00 | OK |
Version: 0.2.2
Check: DESCRIPTION meta-information
Result: NOTE
Missing dependency on R >= 4.1.0 because package code uses the pipe
|> or function shorthand \(...) syntax added in R 4.1.0.
File(s) using such syntax:
‘QeFairHelpers.R’
Flavors: r-devel-linux-x86_64-debian-clang, r-devel-linux-x86_64-debian-gcc, r-devel-linux-x86_64-fedora-clang, r-devel-linux-x86_64-fedora-gcc, r-devel-windows-x86_64, r-patched-linux-x86_64, r-release-linux-x86_64, r-release-macos-arm64, r-release-macos-x86_64, r-release-windows-x86_64