Last updated on 2025-05-23 04:51:07 CEST.
Flavor | Version | Tinstall | Tcheck | Ttotal | Status | Flags |
---|---|---|---|---|---|---|
r-devel-linux-x86_64-debian-clang | 0.2.3 | 27.99 | 65.68 | 93.67 | NOTE | |
r-devel-linux-x86_64-debian-gcc | 0.2.3 | 18.51 | 50.88 | 69.39 | NOTE | |
r-devel-linux-x86_64-fedora-clang | 0.2.3 | 158.59 | NOTE | |||
r-devel-linux-x86_64-fedora-gcc | 0.2.3 | 176.82 | NOTE | |||
r-devel-windows-x86_64 | 0.2.3 | 32.00 | 114.00 | 146.00 | NOTE | |
r-patched-linux-x86_64 | 0.2.3 | 25.29 | 63.80 | 89.09 | NOTE | |
r-release-linux-x86_64 | 0.2.3 | 25.23 | 63.74 | 88.97 | NOTE | |
r-release-macos-arm64 | 0.2.3 | 81.00 | NOTE | |||
r-release-macos-x86_64 | 0.2.3 | 97.00 | NOTE | |||
r-release-windows-x86_64 | 0.2.3 | 32.00 | 143.00 | 175.00 | NOTE | |
r-oldrel-macos-arm64 | 0.2.3 | 58.00 | NOTE | |||
r-oldrel-macos-x86_64 | 0.2.3 | 78.00 | NOTE | |||
r-oldrel-windows-x86_64 | 0.2.3 | 35.00 | 132.00 | 167.00 | NOTE |
Version: 0.2.3
Check: C++ specification
Result: NOTE
Specified C++11: please drop specification unless essential
Flavors: r-devel-linux-x86_64-debian-clang, r-devel-linux-x86_64-debian-gcc, r-devel-linux-x86_64-fedora-clang, r-devel-linux-x86_64-fedora-gcc, r-devel-windows-x86_64, r-patched-linux-x86_64, r-release-linux-x86_64, r-release-macos-arm64, r-release-macos-x86_64, r-release-windows-x86_64, r-oldrel-macos-arm64, r-oldrel-macos-x86_64, r-oldrel-windows-x86_64