Last updated on 2025-07-17 04:54:38 CEST.
Flavor | Version | Tinstall | Tcheck | Ttotal | Status | Flags |
---|---|---|---|---|---|---|
r-devel-linux-x86_64-debian-clang | 0.1.7 | 39.01 | 179.59 | 218.60 | OK | |
r-devel-linux-x86_64-debian-gcc | 0.1.7 | 30.51 | 136.90 | 167.41 | OK | |
r-devel-linux-x86_64-fedora-clang | 0.1.7 | 373.06 | OK | |||
r-devel-linux-x86_64-fedora-gcc | 0.1.7 | 397.59 | OK | |||
r-devel-windows-x86_64 | 0.1.7 | 40.00 | 253.00 | 293.00 | OK | |
r-patched-linux-x86_64 | 0.1.7 | 44.90 | 185.30 | 230.20 | OK | |
r-release-linux-x86_64 | 0.1.7 | 41.84 | 187.72 | 229.56 | OK | |
r-release-macos-arm64 | 0.1.7 | 105.00 | OK | |||
r-release-macos-x86_64 | 0.1.7 | 218.00 | OK | |||
r-release-windows-x86_64 | 0.1.7 | 41.00 | 242.00 | 283.00 | OK | |
r-oldrel-macos-arm64 | 0.1.7 | 119.00 | NOTE | |||
r-oldrel-macos-x86_64 | 0.1.7 | 251.00 | NOTE | |||
r-oldrel-windows-x86_64 | 0.1.7 | 49.00 | 276.00 | 325.00 | OK |
Version: 0.1.7
Check: installed package size
Result: NOTE
installed size is 18.3Mb
sub-directories of 1Mb or more:
R 2.5Mb
libs 15.5Mb
Flavors: r-oldrel-macos-arm64, r-oldrel-macos-x86_64