CRAN Package Check Results for Package einsum

Last updated on 2025-07-17 04:54:38 CEST.

Flavor Version Tinstall Tcheck Ttotal Status Flags
r-devel-linux-x86_64-debian-clang 0.1.2 11.15 93.81 104.96 OK
r-devel-linux-x86_64-debian-gcc 0.1.2 7.86 69.01 76.87 OK
r-devel-linux-x86_64-fedora-clang 0.1.2 186.94 NOTE
r-devel-linux-x86_64-fedora-gcc 0.1.2 175.60 NOTE
r-devel-windows-x86_64 0.1.2 14.00 150.00 164.00 OK
r-patched-linux-x86_64 0.1.2 10.63 90.30 100.93 OK
r-release-linux-x86_64 0.1.2 10.70 89.69 100.39 OK
r-release-macos-arm64 0.1.2 59.00 OK
r-release-macos-x86_64 0.1.2 120.00 OK
r-release-windows-x86_64 0.1.2 14.00 146.00 160.00 OK
r-oldrel-macos-arm64 0.1.2 64.00 OK
r-oldrel-macos-x86_64 0.1.2 121.00 OK
r-oldrel-windows-x86_64 0.1.2 14.00 178.00 192.00 OK

Check Details

Version: 0.1.2
Check: dependencies in R code
Result: NOTE Namespace in Imports field not imported from: ‘mathjaxr’ All declared Imports should be used. Flavors: r-devel-linux-x86_64-fedora-clang, r-devel-linux-x86_64-fedora-gcc