Last updated on 2025-07-17 04:54:38 CEST.
Flavor | Version | Tinstall | Tcheck | Ttotal | Status | Flags |
---|---|---|---|---|---|---|
r-devel-linux-x86_64-debian-clang | 1.1-28 | 36.68 | 265.34 | 302.02 | OK | |
r-devel-linux-x86_64-debian-gcc | 1.1-28 | 24.85 | 165.93 | 190.78 | OK | |
r-devel-linux-x86_64-fedora-clang | 1.1-28 | 471.32 | NOTE | |||
r-devel-linux-x86_64-fedora-gcc | 1.1-28 | 463.86 | NOTE | |||
r-devel-windows-x86_64 | 1.1-28 | 38.00 | 210.00 | 248.00 | OK | |
r-patched-linux-x86_64 | 1.1-28 | 34.93 | 248.76 | 283.69 | OK | |
r-release-linux-x86_64 | 1.1-28 | 35.71 | 244.51 | 280.22 | OK | |
r-release-macos-arm64 | 1.1-28 | 124.00 | OK | |||
r-release-macos-x86_64 | 1.1-28 | 292.00 | OK | |||
r-release-windows-x86_64 | 1.1-28 | 38.00 | 206.00 | 244.00 | OK | |
r-oldrel-macos-arm64 | 1.1-28 | 101.00 | OK | |||
r-oldrel-macos-x86_64 | 1.1-28 | 184.00 | OK | |||
r-oldrel-windows-x86_64 | 1.1-28 | 52.00 | 288.00 | 340.00 | OK |
Version: 1.1-28
Check: compiled code
Result: NOTE
File ‘elsa/libs/elsa.so’:
Found no calls to: ‘R_registerRoutines’, ‘R_useDynamicSymbols’
It is good practice to register native routines and to disable symbol
search.
See ‘Writing portable packages’ in the ‘Writing R Extensions’ manual.
Flavors: r-devel-linux-x86_64-fedora-clang, r-devel-linux-x86_64-fedora-gcc