Last updated on 2025-07-17 04:54:38 CEST.
Flavor | Version | Tinstall | Tcheck | Ttotal | Status | Flags |
---|---|---|---|---|---|---|
r-devel-linux-x86_64-debian-clang | 6.1 | 8.49 | 195.26 | 203.75 | NOTE | |
r-devel-linux-x86_64-debian-gcc | 6.1 | 5.87 | 136.50 | 142.37 | NOTE | |
r-devel-linux-x86_64-fedora-clang | 6.1 | 298.39 | OK | |||
r-devel-linux-x86_64-fedora-gcc | 6.1 | 322.81 | OK | |||
r-devel-windows-x86_64 | 6.1 | 10.00 | 208.00 | 218.00 | OK | |
r-patched-linux-x86_64 | 6.1 | 9.70 | 187.85 | 197.55 | OK | |
r-release-linux-x86_64 | 6.1 | 7.69 | 189.08 | 196.77 | OK | |
r-release-macos-arm64 | 6.1 | 100.00 | OK | |||
r-release-macos-x86_64 | 6.1 | 253.00 | OK | |||
r-release-windows-x86_64 | 6.1 | 12.00 | 210.00 | 222.00 | OK | |
r-oldrel-macos-arm64 | 6.1 | 97.00 | OK | |||
r-oldrel-macos-x86_64 | 6.1 | 159.00 | OK | |||
r-oldrel-windows-x86_64 | 6.1 | 14.00 | 279.00 | 293.00 | OK |
Version: 6.1
Check: CRAN incoming feasibility
Result: NOTE
Maintainer: ‘Nan Xiao <me@nanx.me>’
Found the following (possibly) invalid file URIs:
URI: CONTRIBUTING.md
From: README.md
URI: CONDUCT.md
From: README.md
Flavors: r-devel-linux-x86_64-debian-clang, r-devel-linux-x86_64-debian-gcc