Last updated on 2025-07-17 04:54:38 CEST.
Flavor | Version | Tinstall | Tcheck | Ttotal | Status | Flags |
---|---|---|---|---|---|---|
r-devel-linux-x86_64-debian-clang | 0.1.10 | 35.16 | 874.22 | 909.38 | OK | |
r-devel-linux-x86_64-debian-gcc | 0.1.10 | 25.52 | 565.45 | 590.97 | OK | |
r-devel-linux-x86_64-fedora-clang | 0.1.10 | 1402.24 | OK | |||
r-devel-linux-x86_64-fedora-gcc | 0.1.10 | 1342.34 | OK | |||
r-devel-windows-x86_64 | 0.1.10 | 29.00 | 798.00 | 827.00 | OK | |
r-patched-linux-x86_64 | 0.1.10 | 37.07 | 828.67 | 865.74 | OK | |
r-release-linux-x86_64 | 0.1.10 | 31.30 | 832.47 | 863.77 | OK | |
r-release-macos-arm64 | 0.1.10 | 386.00 | OK | |||
r-release-macos-x86_64 | 0.1.10 | 948.00 | OK | |||
r-release-windows-x86_64 | 0.1.10 | 30.00 | 789.00 | 819.00 | OK | |
r-oldrel-macos-arm64 | 0.1.10 | 354.00 | NOTE | |||
r-oldrel-macos-x86_64 | 0.1.10 | 927.00 | NOTE | |||
r-oldrel-windows-x86_64 | 0.1.10 | 39.00 | 1089.00 | 1128.00 | NOTE |
Version: 0.1.10
Check: installed package size
Result: NOTE
installed size is 14.1Mb
sub-directories of 1Mb or more:
doc 13.3Mb
Flavors: r-oldrel-macos-arm64, r-oldrel-macos-x86_64, r-oldrel-windows-x86_64