CRAN Package Check Results for Package essurvey

Last updated on 2025-05-23 04:51:07 CEST.

Flavor Version Tinstall Tcheck Ttotal Status Flags
r-devel-linux-x86_64-debian-clang 1.0.8 2.42 29.09 31.51 NOTE
r-devel-linux-x86_64-debian-gcc 1.0.8 1.78 23.43 25.21 NOTE
r-devel-linux-x86_64-fedora-clang 1.0.8 49.08 OK
r-devel-linux-x86_64-fedora-gcc 1.0.8 59.70 OK
r-devel-windows-x86_64 1.0.8 3.00 98.00 101.00 OK
r-patched-linux-x86_64 1.0.8 2.82 26.60 29.42 OK
r-release-linux-x86_64 1.0.8 2.33 26.31 28.64 OK
r-release-macos-arm64 1.0.8 31.00 OK
r-release-macos-x86_64 1.0.8 49.00 OK
r-release-windows-x86_64 1.0.8 4.00 91.00 95.00 OK
r-oldrel-macos-arm64 1.0.8 27.00 OK
r-oldrel-macos-x86_64 1.0.8 41.00 OK
r-oldrel-windows-x86_64 1.0.8 5.00 57.00 62.00 OK

Check Details

Version: 1.0.8
Check: CRAN incoming feasibility
Result: NOTE Maintainer: ‘Jorge Cimentada <cimentadaj@gmail.com>’ Package CITATION file contains call(s) to old-style citEntry(). Please use bibentry() instead. Flavors: r-devel-linux-x86_64-debian-clang, r-devel-linux-x86_64-debian-gcc