Last updated on 2025-05-23 04:51:07 CEST.
Flavor | Version | Tinstall | Tcheck | Ttotal | Status | Flags |
---|---|---|---|---|---|---|
r-devel-linux-x86_64-debian-clang | 1.0.6 | 76.02 | 125.39 | 201.41 | OK | |
r-devel-linux-x86_64-debian-gcc | 1.0.6 | 61.37 | 91.82 | 153.19 | OK | |
r-devel-linux-x86_64-fedora-clang | 1.0.6 | 349.04 | OK | |||
r-devel-linux-x86_64-fedora-gcc | 1.0.6 | 399.00 | OK | |||
r-devel-windows-x86_64 | 1.0.6 | 81.00 | 149.00 | 230.00 | OK | |
r-patched-linux-x86_64 | 1.0.6 | 89.51 | 126.76 | 216.27 | OK | |
r-release-linux-x86_64 | 1.0.6 | 86.57 | 126.21 | 212.78 | OK | |
r-release-macos-arm64 | 1.0.6 | 87.00 | OK | |||
r-release-macos-x86_64 | 1.0.6 | 181.00 | OK | |||
r-release-windows-x86_64 | 1.0.6 | 83.00 | 152.00 | 235.00 | OK | |
r-oldrel-macos-arm64 | 1.0.6 | 104.00 | NOTE | |||
r-oldrel-macos-x86_64 | 1.0.6 | 197.00 | NOTE | |||
r-oldrel-windows-x86_64 | 1.0.6 | 100.00 | 194.00 | 294.00 | OK |
Version: 1.0.6
Check: installed package size
Result: NOTE
installed size is 39.9Mb
sub-directories of 1Mb or more:
libs 39.6Mb
Flavors: r-oldrel-macos-arm64, r-oldrel-macos-x86_64