CRAN Package Check Results for Package fake

Last updated on 2025-07-19 04:49:21 CEST.

Flavor Version Tinstall Tcheck Ttotal Status Flags
r-devel-linux-x86_64-debian-clang 1.4.0 4.15 65.73 69.88 NOTE
r-devel-linux-x86_64-debian-gcc 1.4.0 2.66 54.43 57.09 NOTE
r-devel-linux-x86_64-fedora-clang 1.4.0 99.96 OK
r-devel-linux-x86_64-fedora-gcc 1.4.0 96.24 OK
r-devel-windows-x86_64 1.4.0 5.00 92.00 97.00 OK
r-patched-linux-x86_64 1.4.0 3.54 60.16 63.70 OK
r-release-linux-x86_64 1.4.0 3.42 60.65 64.07 OK
r-release-macos-arm64 1.4.0 42.00 OK
r-release-macos-x86_64 1.4.0 69.00 OK
r-release-windows-x86_64 1.4.0 5.00 90.00 95.00 OK
r-oldrel-macos-arm64 1.4.0 32.00 OK
r-oldrel-macos-x86_64 1.4.0 48.00 OK
r-oldrel-windows-x86_64 1.4.0 6.00 104.00 110.00 OK

Check Details

Version: 1.4.0
Check: CRAN incoming feasibility
Result: NOTE Maintainer: ‘Barbara Bodinier <barbara.bodinier@gmail.com>’ No Authors@R field in DESCRIPTION. Please add one, modifying Authors@R: person(given = "Barbara", family = "Bodinier", role = c("aut", "cre"), email = "barbara.bodinier@gmail.com") as necessary. The Description field contains (B Bodinier et al (2021) <arXiv:2106.02521>). Please refer to arXiv e-prints via their arXiv DOI <doi:10.48550/arXiv.YYMM.NNNNN>. Flavors: r-devel-linux-x86_64-debian-clang, r-devel-linux-x86_64-debian-gcc