Last updated on 2025-07-19 04:49:22 CEST.
Flavor | Version | Tinstall | Tcheck | Ttotal | Status | Flags |
---|---|---|---|---|---|---|
r-devel-linux-x86_64-debian-clang | 1.2.0 | 25.47 | 29.55 | 55.02 | NOTE | |
r-devel-linux-x86_64-debian-gcc | 1.2.0 | 18.05 | 25.00 | 43.05 | NOTE | |
r-devel-linux-x86_64-fedora-clang | 1.2.0 | 88.29 | NOTE | |||
r-devel-linux-x86_64-fedora-gcc | 1.2.0 | 92.08 | NOTE | |||
r-devel-windows-x86_64 | 1.2.0 | 28.00 | 68.00 | 96.00 | NOTE | |
r-patched-linux-x86_64 | 1.2.0 | 23.94 | 30.02 | 53.96 | NOTE | |
r-release-linux-x86_64 | 1.2.0 | 24.49 | 30.17 | 54.66 | NOTE | |
r-release-macos-arm64 | 1.2.0 | 32.00 | NOTE | |||
r-release-macos-x86_64 | 1.2.0 | 54.00 | NOTE | |||
r-release-windows-x86_64 | 1.2.0 | 28.00 | 69.00 | 97.00 | NOTE | |
r-oldrel-macos-arm64 | 1.2.0 | 28.00 | NOTE | |||
r-oldrel-macos-x86_64 | 1.2.0 | 39.00 | NOTE | |||
r-oldrel-windows-x86_64 | 1.2.0 | 31.00 | 83.00 | 114.00 | NOTE |
Version: 1.2.0
Check: Rd files
Result: NOTE
checkRd: (-1) eigen_compute_single_entry_of_diagonal_matrix.Rd:17: Lost braces; missing escapes or markup?
17 | The value of m^{-1}_{j,j}
| ^
checkRd: (-1) eigen_compute_single_entry_of_diagonal_matrix.Rd:17: Lost braces; missing escapes or markup?
17 | The value of m^{-1}_{j,j}
| ^
Flavors: r-devel-linux-x86_64-debian-clang, r-devel-linux-x86_64-debian-gcc, r-devel-linux-x86_64-fedora-clang, r-devel-linux-x86_64-fedora-gcc, r-devel-windows-x86_64, r-patched-linux-x86_64, r-release-linux-x86_64, r-release-macos-arm64, r-release-macos-x86_64, r-release-windows-x86_64, r-oldrel-macos-arm64, r-oldrel-macos-x86_64, r-oldrel-windows-x86_64
Version: 1.2.0
Check: installed package size
Result: NOTE
installed size is 7.8Mb
sub-directories of 1Mb or more:
libs 7.6Mb
Flavors: r-oldrel-macos-arm64, r-oldrel-macos-x86_64