Last updated on 2025-10-30 03:50:48 CET.
| Flavor | Version | Tinstall | Tcheck | Ttotal | Status | Flags | 
|---|---|---|---|---|---|---|
| r-devel-linux-x86_64-debian-clang | 1.0 | 2.80 | 21.93 | 24.73 | NOTE | |
| r-devel-linux-x86_64-debian-gcc | 1.0 | 1.87 | 17.77 | 19.64 | NOTE | |
| r-devel-linux-x86_64-fedora-clang | 1.0 | 36.59 | OK | |||
| r-devel-linux-x86_64-fedora-gcc | 1.0 | 34.91 | OK | |||
| r-devel-windows-x86_64 | 1.0 | 4.00 | 41.00 | 45.00 | OK | |
| r-patched-linux-x86_64 | 1.0 | 2.93 | 20.81 | 23.74 | OK | |
| r-release-linux-x86_64 | 1.0 | 2.30 | 20.87 | 23.17 | OK | |
| r-release-macos-arm64 | 1.0 | 2.00 | 16.00 | 18.00 | OK | |
| r-release-macos-x86_64 | 1.0 | 2.00 | 23.00 | 25.00 | OK | |
| r-release-windows-x86_64 | 1.0 | 4.00 | 42.00 | 46.00 | OK | |
| r-oldrel-macos-arm64 | 1.0 | 1.00 | 16.00 | 17.00 | OK | |
| r-oldrel-macos-x86_64 | 1.0 | 2.00 | 20.00 | 22.00 | OK | |
| r-oldrel-windows-x86_64 | 1.0 | 5.00 | 47.00 | 52.00 | OK | 
Version: 1.0
Check: CRAN incoming feasibility
Result: NOTE
  Maintainer: ‘Georg Hahn <ghahn@hsph.harvard.edu>’
  
  No Authors@R field in DESCRIPTION.
  Please add one, modifying
    Authors@R: person(given = "Georg",
                      family = "Hahn",
                      role = c("aut", "cre"),
                      email = "ghahn@hsph.harvard.edu")
  as necessary.
Flavors: r-devel-linux-x86_64-debian-clang, r-devel-linux-x86_64-debian-gcc