Last updated on 2025-07-19 04:49:22 CEST.
Flavor | Version | Tinstall | Tcheck | Ttotal | Status | Flags |
---|---|---|---|---|---|---|
r-devel-linux-x86_64-debian-clang | 1.0.0 | 7.54 | 68.15 | 75.69 | OK | |
r-devel-linux-x86_64-debian-gcc | 1.0.0 | 6.45 | 45.78 | 52.23 | OK | |
r-devel-linux-x86_64-fedora-clang | 1.0.0 | 133.58 | NOTE | |||
r-devel-linux-x86_64-fedora-gcc | 1.0.0 | 119.46 | NOTE | |||
r-devel-windows-x86_64 | 1.0.0 | 12.00 | 89.00 | 101.00 | OK | |
r-patched-linux-x86_64 | 1.0.0 | 9.44 | 71.00 | 80.44 | OK | |
r-release-linux-x86_64 | 1.0.0 | 8.50 | 116.95 | 125.45 | OK | |
r-release-macos-arm64 | 1.0.0 | 67.00 | OK | |||
r-release-macos-x86_64 | 1.0.0 | 126.00 | OK | |||
r-release-windows-x86_64 | 1.0.0 | 13.00 | 90.00 | 103.00 | OK | |
r-oldrel-macos-arm64 | 1.0.0 | 67.00 | OK | |||
r-oldrel-macos-x86_64 | 1.0.0 | 83.00 | OK | |||
r-oldrel-windows-x86_64 | 1.0.0 | 16.00 | 111.00 | 127.00 | OK |
Version: 1.0.0
Check: dependencies in R code
Result: NOTE
Namespaces in Imports field not imported from:
‘MASS’ ‘grDevices’ ‘utils’
All declared Imports should be used.
Flavors: r-devel-linux-x86_64-fedora-clang, r-devel-linux-x86_64-fedora-gcc