Last updated on 2025-07-19 04:49:22 CEST.
Flavor | Version | Tinstall | Tcheck | Ttotal | Status | Flags |
---|---|---|---|---|---|---|
r-devel-linux-x86_64-debian-clang | 0.1.2 | 18.50 | 132.50 | 151.00 | NOTE | |
r-devel-linux-x86_64-debian-gcc | 0.1.2 | 10.95 | 90.13 | 101.08 | NOTE | |
r-devel-linux-x86_64-fedora-clang | 0.1.2 | 233.37 | OK | |||
r-devel-linux-x86_64-fedora-gcc | 0.1.2 | 261.50 | OK | |||
r-devel-windows-x86_64 | 0.1.2 | 17.00 | 147.00 | 164.00 | OK | |
r-patched-linux-x86_64 | 0.1.2 | 14.62 | 124.32 | 138.94 | OK | |
r-release-linux-x86_64 | 0.1.2 | 15.33 | 123.54 | 138.87 | OK | |
r-release-macos-arm64 | 0.1.2 | 80.00 | OK | |||
r-release-macos-x86_64 | 0.1.2 | 165.00 | OK | |||
r-release-windows-x86_64 | 0.1.2 | 19.00 | 152.00 | 171.00 | OK | |
r-oldrel-macos-arm64 | 0.1.2 | 75.00 | OK | |||
r-oldrel-macos-x86_64 | 0.1.2 | 178.00 | OK | |||
r-oldrel-windows-x86_64 | 0.1.2 | 24.00 | 178.00 | 202.00 | OK |
Version: 0.1.2
Check: CRAN incoming feasibility
Result: NOTE
Maintainer: ‘Lukasz Smaga <ls@amu.edu.pl>’
No Authors@R field in DESCRIPTION.
Please add one, modifying
Authors@R: c(person(given = "Tomasz",
family = "Gorecki",
role = "aut"),
person(given = "Lukasz",
family = "Smaga",
role = c("aut", "cre"),
email = "ls@amu.edu.pl"))
as necessary.
Flavors: r-devel-linux-x86_64-debian-clang, r-devel-linux-x86_64-debian-gcc