Last updated on 2025-07-19 04:49:22 CEST.
Flavor | Version | Tinstall | Tcheck | Ttotal | Status | Flags |
---|---|---|---|---|---|---|
r-devel-linux-x86_64-debian-clang | 6.3.0 | 24.77 | 208.71 | 233.48 | OK | |
r-devel-linux-x86_64-debian-gcc | 6.3.0 | 17.79 | 140.45 | 158.24 | OK | |
r-devel-linux-x86_64-fedora-clang | 6.3.0 | 377.89 | OK | |||
r-devel-linux-x86_64-fedora-gcc | 6.3.0 | 383.26 | OK | |||
r-devel-windows-x86_64 | 6.3.0 | 28.00 | 241.00 | 269.00 | OK | |
r-patched-linux-x86_64 | 6.3.0 | 28.94 | 200.67 | 229.61 | OK | |
r-release-linux-x86_64 | 6.3.0 | 26.02 | 199.68 | 225.70 | OK | |
r-release-macos-arm64 | 6.3.0 | 109.00 | OK | |||
r-release-macos-x86_64 | 6.3.0 | 145.00 | NOTE | |||
r-release-windows-x86_64 | 6.3.0 | 29.00 | 233.00 | 262.00 | OK | |
r-oldrel-macos-arm64 | 6.3.0 | 105.00 | OK | |||
r-oldrel-macos-x86_64 | 6.3.0 | 211.00 | OK | |||
r-oldrel-windows-x86_64 | 6.3.0 | 41.00 | 290.00 | 331.00 | OK |
Version: 6.3.0
Check: foreign function calls
Result: NOTE
Fatal error: cannot create 'R_TempDir'
See chapter ‘System and foreign language interfaces’ in the ‘Writing R
Extensions’ manual.
Flavor: r-release-macos-x86_64