Last updated on 2025-05-23 04:51:08 CEST.
Flavor | Version | Tinstall | Tcheck | Ttotal | Status | Flags |
---|---|---|---|---|---|---|
r-devel-linux-x86_64-debian-clang | 6.2.0 | 30.67 | 214.74 | 245.41 | OK | |
r-devel-linux-x86_64-debian-gcc | 6.3.0 | 17.94 | 139.35 | 157.29 | OK | |
r-devel-linux-x86_64-fedora-clang | 6.3.0 | 255.38 | OK | |||
r-devel-linux-x86_64-fedora-gcc | 6.3.0 | 382.79 | OK | |||
r-devel-windows-x86_64 | 6.3.0 | 31.00 | 250.00 | 281.00 | OK | |
r-patched-linux-x86_64 | 6.2.0 | 32.94 | 205.02 | 237.96 | OK | |
r-release-linux-x86_64 | 6.2.0 | 26.00 | 204.17 | 230.17 | OK | |
r-release-macos-arm64 | 6.3.0 | 109.00 | OK | |||
r-release-macos-x86_64 | 6.3.0 | 199.00 | NOTE | |||
r-release-windows-x86_64 | 6.3.0 | 35.00 | 258.00 | 293.00 | OK | |
r-oldrel-macos-arm64 | 6.3.0 | 105.00 | OK | |||
r-oldrel-macos-x86_64 | 6.3.0 | 251.00 | ERROR | |||
r-oldrel-windows-x86_64 | 6.2.0 | 41.00 | 302.00 | 343.00 | OK |
Version: 6.3.0
Check: foreign function calls
Result: NOTE
Fatal error: cannot create 'R_TempDir'
See chapter ‘System and foreign language interfaces’ in the ‘Writing R
Extensions’ manual.
Flavor: r-release-macos-x86_64
Version: 6.3.0
Check: for unstated dependencies in vignettes
Result: NOTE
Error in readRDS(tfo) : error reading from connection
Execution halted
Flavor: r-oldrel-macos-x86_64
Version: 6.3.0
Check: re-building of vignette outputs
Result: ERROR
Error(s) in re-building vignettes:
Error in saveRDS(list(base = base, value = ret0), dest) :
error writing to connection
Calls: <Anonymous> -> rownames -> %||% -> <Anonymous> -> saveRDS
Execution halted
Flavor: r-oldrel-macos-x86_64
Version: 6.3.0
Check: PDF version of manual
Result: ERROR
Rd conversion errors:
Converting parsed Rd's to LaTeX Warning in close.connection(con) :
Problem closing connection: No space left on device
Warning in close.connection(con) :
Problem closing connection: No space left on device
Warning in close.connection(con) :
Problem closing connection: No space left on device
Error in writeLines(x, con, useBytes = TRUE, ...) :
Error writing to connection: No space left on device
Flavor: r-oldrel-macos-x86_64