Last updated on 2025-07-19 04:49:22 CEST.
Flavor | Version | Tinstall | Tcheck | Ttotal | Status | Flags |
---|---|---|---|---|---|---|
r-devel-linux-x86_64-debian-clang | 0.1.1 | 58.39 | 92.61 | 151.00 | OK | |
r-devel-linux-x86_64-debian-gcc | 0.1.1 | 45.94 | 71.41 | 117.35 | OK | |
r-devel-linux-x86_64-fedora-clang | 0.1.1 | 245.27 | OK | |||
r-devel-linux-x86_64-fedora-gcc | 0.1.1 | 253.51 | OK | |||
r-devel-windows-x86_64 | 0.1.1 | 62.00 | 115.00 | 177.00 | OK | |
r-patched-linux-x86_64 | 0.1.1 | 62.10 | 92.63 | 154.73 | OK | |
r-release-linux-x86_64 | 0.1.1 | 58.73 | 94.60 | 153.33 | OK | |
r-release-macos-arm64 | 0.1.1 | 65.00 | OK | |||
r-release-macos-x86_64 | 0.1.1 | 111.00 | OK | |||
r-release-windows-x86_64 | 0.1.1 | 60.00 | 115.00 | 175.00 | OK | |
r-oldrel-macos-arm64 | 0.1.1 | 63.00 | NOTE | |||
r-oldrel-macos-x86_64 | 0.1.1 | 88.00 | NOTE | |||
r-oldrel-windows-x86_64 | 0.1.1 | 75.00 | 143.00 | 218.00 | OK |
Version: 0.1.1
Check: installed package size
Result: NOTE
installed size is 17.0Mb
sub-directories of 1Mb or more:
libs 16.9Mb
Flavors: r-oldrel-macos-arm64, r-oldrel-macos-x86_64