CRAN Package Check Results for Package fdq

Last updated on 2025-05-23 04:51:08 CEST.

Flavor Version Tinstall Tcheck Ttotal Status Flags
r-devel-linux-x86_64-debian-clang 0.12 9.19 65.16 74.35 OK
r-devel-linux-x86_64-debian-gcc 0.12 7.26 47.78 55.04 OK
r-devel-linux-x86_64-fedora-clang 0.12 118.31 NOTE
r-devel-linux-x86_64-fedora-gcc 0.12 111.59 NOTE
r-devel-windows-x86_64 0.12 12.00 151.00 163.00 OK
r-patched-linux-x86_64 0.12 8.61 60.43 69.04 OK
r-release-linux-x86_64 0.12 9.10 60.35 69.45 OK
r-release-macos-arm64 0.12 49.00 OK
r-release-macos-x86_64 0.12 71.00 OK
r-release-windows-x86_64 0.12 9.00 128.00 137.00 OK
r-oldrel-macos-arm64 0.12 48.00 NOTE
r-oldrel-macos-x86_64 0.12 56.00 NOTE
r-oldrel-windows-x86_64 0.12 11.00 97.00 108.00 NOTE

Check Details

Version: 0.12
Check: dependencies in R code
Result: NOTE Namespaces in Imports field not imported from: ‘data.table’ ‘ggplot2’ ‘randomcoloR’ ‘sqldf’ All declared Imports should be used. Flavors: r-devel-linux-x86_64-fedora-clang, r-devel-linux-x86_64-fedora-gcc

Version: 0.12
Check: LazyData
Result: NOTE 'LazyData' is specified without a 'data' directory Flavors: r-oldrel-macos-arm64, r-oldrel-macos-x86_64, r-oldrel-windows-x86_64