Last updated on 2025-07-19 04:49:22 CEST.
Flavor | Version | Tinstall | Tcheck | Ttotal | Status | Flags |
---|---|---|---|---|---|---|
r-devel-linux-x86_64-debian-clang | 1.1.2 | 350.19 | 184.86 | 535.05 | OK | |
r-devel-linux-x86_64-debian-gcc | 1.1.2 | 308.29 | 162.20 | 470.49 | OK | |
r-devel-linux-x86_64-fedora-clang | 1.1.2 | 869.62 | OK | |||
r-devel-linux-x86_64-fedora-gcc | 1.1.2 | 1034.92 | OK | |||
r-devel-windows-x86_64 | 1.1.2 | 379.00 | 249.00 | 628.00 | OK | |
r-patched-linux-x86_64 | 1.1.2 | 406.81 | 221.49 | 628.30 | OK | |
r-release-linux-x86_64 | 1.1.2 | 412.02 | 221.25 | 633.27 | OK | |
r-release-macos-arm64 | 1.1.2 | 213.00 | OK | |||
r-release-macos-x86_64 | 1.1.2 | 248.00 | OK | |||
r-release-windows-x86_64 | 1.1.2 | 353.00 | 251.00 | 604.00 | OK | |
r-oldrel-macos-arm64 | 1.1.2 | 205.00 | NOTE | |||
r-oldrel-macos-x86_64 | 1.1.2 | 263.00 | NOTE | |||
r-oldrel-windows-x86_64 | 1.1.2 | 449.00 | 296.00 | 745.00 | NOTE |
Version: 1.1.2
Check: installed package size
Result: NOTE
installed size is 61.5Mb
sub-directories of 1Mb or more:
data 1.9Mb
libs 57.6Mb
Flavors: r-oldrel-macos-arm64, r-oldrel-macos-x86_64, r-oldrel-windows-x86_64