CRAN Package Check Results for Package filling

Last updated on 2025-07-19 04:49:22 CEST.

Flavor Version Tinstall Tcheck Ttotal Status Flags
r-devel-linux-x86_64-debian-clang 0.2.3 42.68 121.66 164.34 NOTE
r-devel-linux-x86_64-debian-gcc 0.2.3 32.23 83.02 115.25 NOTE
r-devel-linux-x86_64-fedora-clang 0.2.3 303.46 NOTE
r-devel-linux-x86_64-fedora-gcc 0.2.3 255.64 NOTE
r-devel-windows-x86_64 0.2.3 54.00 135.00 189.00 NOTE
r-patched-linux-x86_64 0.2.3 47.54 112.83 160.37 NOTE
r-release-linux-x86_64 0.2.3 40.96 114.44 155.40 NOTE
r-release-macos-arm64 0.2.3 68.00 NOTE
r-release-macos-x86_64 0.2.3 144.00 NOTE
r-release-windows-x86_64 0.2.3 53.00 134.00 187.00 NOTE
r-oldrel-macos-arm64 0.2.3 65.00 NOTE
r-oldrel-macos-x86_64 0.2.3 100.00 NOTE
r-oldrel-windows-x86_64 0.2.3 66.00 180.00 246.00 NOTE

Check Details

Version: 0.2.3
Check: C++ specification
Result: NOTE Specified C++11: please drop specification unless essential Flavors: r-devel-linux-x86_64-debian-clang, r-devel-linux-x86_64-debian-gcc, r-devel-linux-x86_64-fedora-clang, r-devel-linux-x86_64-fedora-gcc, r-devel-windows-x86_64, r-patched-linux-x86_64, r-release-linux-x86_64, r-release-macos-arm64, r-release-macos-x86_64, r-release-windows-x86_64, r-oldrel-macos-arm64, r-oldrel-macos-x86_64, r-oldrel-windows-x86_64