Last updated on 2025-05-23 04:51:08 CEST.
Flavor | Version | Tinstall | Tcheck | Ttotal | Status | Flags |
---|---|---|---|---|---|---|
r-devel-linux-x86_64-debian-clang | 1.13-1 | 111.34 | 180.59 | 291.93 | OK | |
r-devel-linux-x86_64-debian-gcc | 1.13-1 | 92.76 | 111.75 | 204.51 | OK | |
r-devel-linux-x86_64-fedora-clang | 1.13-1 | 470.51 | OK | |||
r-devel-linux-x86_64-fedora-gcc | 1.13-1 | 540.08 | OK | |||
r-devel-windows-x86_64 | 1.13-1 | 119.00 | 316.00 | 435.00 | OK | |
r-patched-linux-x86_64 | 1.13-1 | 128.02 | 170.65 | 298.67 | OK | |
r-release-linux-x86_64 | 1.13-1 | 134.37 | 170.48 | 304.85 | OK | |
r-release-macos-arm64 | 1.13-1 | 114.00 | OK | |||
r-release-macos-x86_64 | 1.13-1 | 271.00 | OK | |||
r-release-windows-x86_64 | 1.13-1 | 119.00 | 265.00 | 384.00 | OK | |
r-oldrel-macos-arm64 | 1.13-1 | 131.00 | NOTE | |||
r-oldrel-macos-x86_64 | 1.13-1 | 322.00 | NOTE | |||
r-oldrel-windows-x86_64 | 1.13-1 | 145.00 | 255.00 | 400.00 | NOTE |
Version: 1.13-1
Check: installed package size
Result: NOTE
installed size is 48.5Mb
sub-directories of 1Mb or more:
libs 47.1Mb
Flavors: r-oldrel-macos-arm64, r-oldrel-macos-x86_64, r-oldrel-windows-x86_64