Last updated on 2025-07-19 04:49:22 CEST.
Flavor | Version | Tinstall | Tcheck | Ttotal | Status | Flags |
---|---|---|---|---|---|---|
r-devel-linux-x86_64-debian-clang | 1.0.1 | 15.05 | 137.42 | 152.47 | NOTE | |
r-devel-linux-x86_64-debian-gcc | 1.0.1 | 9.18 | 98.58 | 107.76 | NOTE | |
r-devel-linux-x86_64-fedora-clang | 1.0.1 | 234.12 | NOTE | |||
r-devel-linux-x86_64-fedora-gcc | 1.0.1 | 233.57 | NOTE | |||
r-devel-windows-x86_64 | 1.0.1 | 15.00 | 161.00 | 176.00 | NOTE | |
r-patched-linux-x86_64 | 1.0.1 | 13.12 | 127.70 | 140.82 | NOTE | |
r-release-linux-x86_64 | 1.0.1 | 13.30 | 127.62 | 140.92 | NOTE | |
r-release-macos-arm64 | 1.0.1 | 70.00 | NOTE | |||
r-release-macos-x86_64 | 1.0.1 | 134.00 | NOTE | |||
r-release-windows-x86_64 | 1.0.1 | 14.00 | 151.00 | 165.00 | NOTE | |
r-oldrel-macos-arm64 | 1.0.1 | 67.00 | OK | |||
r-oldrel-macos-x86_64 | 1.0.1 | 154.00 | OK | |||
r-oldrel-windows-x86_64 | 1.0.1 | 21.00 | 183.00 | 204.00 | OK |
Version: 1.0.1
Check: DESCRIPTION meta-information
Result: NOTE
Missing dependency on R >= 4.1.0 because package code uses the pipe
|> or function shorthand \(...) syntax added in R 4.1.0.
File(s) using such syntax:
‘readData.R’
Flavors: r-devel-linux-x86_64-debian-clang, r-devel-linux-x86_64-debian-gcc, r-devel-linux-x86_64-fedora-clang, r-devel-linux-x86_64-fedora-gcc, r-devel-windows-x86_64, r-patched-linux-x86_64, r-release-linux-x86_64, r-release-macos-arm64, r-release-macos-x86_64, r-release-windows-x86_64