Last updated on 2025-05-23 04:51:08 CEST.
Flavor | Version | Tinstall | Tcheck | Ttotal | Status | Flags |
---|---|---|---|---|---|---|
r-devel-linux-x86_64-debian-clang | 0.1.1 | 62.62 | 399.72 | 462.34 | OK | |
r-devel-linux-x86_64-debian-gcc | 0.1.1 | 37.25 | 248.78 | 286.03 | OK | |
r-devel-linux-x86_64-fedora-clang | 0.1.1 | 743.70 | OK | |||
r-devel-linux-x86_64-fedora-gcc | 0.1.1 | 698.46 | OK | |||
r-devel-windows-x86_64 | 0.1.1 | 76.00 | 497.00 | 573.00 | OK | |
r-patched-linux-x86_64 | 0.1.1 | 83.07 | 371.48 | 454.55 | OK | |
r-release-linux-x86_64 | 0.1.1 | 66.74 | 374.78 | 441.52 | OK | |
r-release-macos-arm64 | 0.1.1 | 154.00 | OK | |||
r-release-macos-x86_64 | 0.1.1 | 350.00 | OK | |||
r-release-windows-x86_64 | 0.1.1 | 76.00 | 757.00 | 833.00 | OK | |
r-oldrel-macos-arm64 | 0.1.1 | 150.00 | NOTE | |||
r-oldrel-macos-x86_64 | 0.1.1 | 365.00 | NOTE | |||
r-oldrel-windows-x86_64 | 0.1.1 | 97.00 | 586.00 | 683.00 | OK |
Version: 0.1.1
Check: installed package size
Result: NOTE
installed size is 5.5Mb
sub-directories of 1Mb or more:
R 2.0Mb
help 3.1Mb
Flavors: r-oldrel-macos-arm64, r-oldrel-macos-x86_64