CRAN Package Check Results for Package fixedpointproperty

Last updated on 2025-05-23 04:51:08 CEST.

Flavor Version Tinstall Tcheck Ttotal Status Flags
r-devel-linux-x86_64-debian-clang 1.0 8.46 74.30 82.76 NOTE
r-devel-linux-x86_64-debian-gcc 1.0 6.02 53.13 59.15 NOTE
r-devel-linux-x86_64-fedora-clang 1.0 127.12 OK
r-devel-linux-x86_64-fedora-gcc 1.0 122.10 OK
r-devel-windows-x86_64 1.0 10.00 132.00 142.00 NOTE
r-patched-linux-x86_64 1.0 7.86 70.04 77.90 NOTE
r-release-linux-x86_64 1.0 7.78 70.26 78.04 NOTE
r-release-macos-arm64 1.0 40.00 OK
r-release-macos-x86_64 1.0 77.00 OK
r-release-windows-x86_64 1.0 10.00 113.00 123.00 NOTE
r-oldrel-macos-arm64 1.0 35.00 OK
r-oldrel-macos-x86_64 1.0 55.00 OK
r-oldrel-windows-x86_64 1.0 12.00 101.00 113.00 OK

Check Details

Version: 1.0
Check: Rd cross-references
Result: NOTE Found the following Rd file(s) with Rd \link{} targets missing package anchors: fpAnova.Rd: anovaBF Please provide package anchors for all Rd \link{} targets not in the package itself and the base packages. Flavors: r-devel-linux-x86_64-debian-clang, r-devel-linux-x86_64-debian-gcc, r-devel-windows-x86_64, r-patched-linux-x86_64, r-release-linux-x86_64, r-release-windows-x86_64