Last updated on 2025-05-23 04:51:08 CEST.
Flavor | Version | Tinstall | Tcheck | Ttotal | Status | Flags |
---|---|---|---|---|---|---|
r-devel-linux-x86_64-debian-clang | 0.1.3 | 6.69 | 46.66 | 53.35 | NOTE | |
r-devel-linux-x86_64-debian-gcc | 0.1.3 | 4.26 | 33.76 | 38.02 | NOTE | |
r-devel-linux-x86_64-fedora-clang | 0.1.3 | 84.30 | NOTE | |||
r-devel-linux-x86_64-fedora-gcc | 0.1.3 | 77.40 | NOTE | |||
r-devel-windows-x86_64 | 0.1.3 | 10.00 | 65.00 | 75.00 | NOTE | |
r-patched-linux-x86_64 | 0.1.3 | 6.54 | 44.63 | 51.17 | NOTE | |
r-release-linux-x86_64 | 0.1.3 | 6.43 | 44.28 | 50.71 | NOTE | |
r-release-macos-arm64 | 0.1.3 | 27.00 | NOTE | |||
r-release-macos-x86_64 | 0.1.3 | 55.00 | NOTE | |||
r-release-windows-x86_64 | 0.1.3 | 9.00 | 62.00 | 71.00 | NOTE | |
r-oldrel-macos-arm64 | 0.1.3 | 194.00 | OK | |||
r-oldrel-macos-x86_64 | 0.1.3 | 212.00 | OK | |||
r-oldrel-windows-x86_64 | 0.1.3 | 10.00 | 73.00 | 83.00 | OK |
Version: 0.1.3
Check: DESCRIPTION meta-information
Result: NOTE
Missing dependency on R >= 4.1.0 because package code uses the pipe
|> or function shorthand \(...) syntax added in R 4.1.0.
File(s) using such syntax:
‘add_flowmap.R’ ‘add_flowmap.Rd’ ‘hca_flowdat.R’
Flavors: r-devel-linux-x86_64-debian-clang, r-devel-linux-x86_64-debian-gcc, r-devel-linux-x86_64-fedora-clang, r-devel-linux-x86_64-fedora-gcc, r-devel-windows-x86_64, r-patched-linux-x86_64, r-release-linux-x86_64, r-release-macos-arm64, r-release-windows-x86_64
Version: 0.1.3
Check: DESCRIPTION meta-information
Result: NOTE
Missing dependency on R >= 4.1.0 because package code uses the pipe
|> or function shorthand \(...) syntax added in R 4.1.0.
File(s) using such syntax:
‘add_flowmap.R’ ‘hca_flowdat.R’
Flavor: r-release-macos-x86_64