Last updated on 2025-05-23 04:51:08 CEST.
Flavor | Version | Tinstall | Tcheck | Ttotal | Status | Flags |
---|---|---|---|---|---|---|
r-devel-linux-x86_64-debian-clang | 1.1.1 | 11.45 | 498.22 | 509.67 | OK | |
r-devel-linux-x86_64-debian-gcc | 1.1.1 | 7.52 | 290.80 | 298.32 | OK | |
r-devel-linux-x86_64-fedora-clang | 1.1.2 | 860.79 | OK | |||
r-devel-linux-x86_64-fedora-gcc | 1.1.1 | 763.80 | OK | |||
r-devel-windows-x86_64 | 1.1.1 | 12.00 | 410.00 | 422.00 | OK | |
r-patched-linux-x86_64 | 1.1.1 | 11.87 | 464.01 | 475.88 | OK | |
r-release-linux-x86_64 | 1.1.1 | 9.82 | 466.41 | 476.23 | OK | |
r-release-macos-arm64 | 1.1.2 | 165.00 | ERROR | |||
r-release-macos-x86_64 | 1.1.1 | 425.00 | OK | |||
r-release-windows-x86_64 | 1.1.2 | 19.00 | 426.00 | 445.00 | OK | |
r-oldrel-macos-arm64 | 1.1.2 | 181.00 | OK | |||
r-oldrel-macos-x86_64 | 1.1.1 | 465.00 | OK | |||
r-oldrel-windows-x86_64 | 1.1.0 | 16.00 | 573.00 | 589.00 | OK |
Version: 1.1.2
Check: whether package can be installed
Result: ERROR
Installation failed.
Flavor: r-release-macos-arm64