Last updated on 2025-07-19 04:49:22 CEST.
Flavor | Version | Tinstall | Tcheck | Ttotal | Status | Flags |
---|---|---|---|---|---|---|
r-devel-linux-x86_64-debian-clang | 1.1.1 | 39.45 | 141.16 | 180.61 | NOTE | |
r-devel-linux-x86_64-debian-gcc | 1.1.1 | 26.99 | 96.23 | 123.22 | NOTE | |
r-devel-linux-x86_64-fedora-clang | 1.1.1 | 285.21 | NOTE | |||
r-devel-linux-x86_64-fedora-gcc | 1.1.1 | 278.58 | NOTE | |||
r-devel-windows-x86_64 | 1.1.1 | 44.00 | 145.00 | 189.00 | NOTE | |
r-patched-linux-x86_64 | 1.1.1 | 38.60 | 129.87 | 168.47 | NOTE | |
r-release-linux-x86_64 | 1.1.1 | 38.76 | 132.06 | 170.82 | NOTE | |
r-release-macos-arm64 | 1.1.1 | 76.00 | NOTE | |||
r-release-macos-x86_64 | 1.1.1 | 124.00 | NOTE | |||
r-release-windows-x86_64 | 1.1.1 | 43.00 | 145.00 | 188.00 | NOTE | |
r-oldrel-macos-arm64 | 1.1.1 | 69.00 | NOTE | |||
r-oldrel-macos-x86_64 | 1.1.1 | 99.00 | NOTE | |||
r-oldrel-windows-x86_64 | 1.1.1 | 56.00 | 195.00 | 251.00 | NOTE |
Version: 1.1.1
Check: C++ specification
Result: NOTE
Specified C++11: please drop specification unless essential
Flavors: r-devel-linux-x86_64-debian-clang, r-devel-linux-x86_64-debian-gcc, r-devel-linux-x86_64-fedora-clang, r-devel-linux-x86_64-fedora-gcc, r-devel-windows-x86_64, r-patched-linux-x86_64, r-release-linux-x86_64, r-release-macos-arm64, r-release-macos-x86_64, r-release-windows-x86_64, r-oldrel-macos-arm64, r-oldrel-macos-x86_64, r-oldrel-windows-x86_64