Last updated on 2025-07-19 04:49:22 CEST.
Flavor | Version | Tinstall | Tcheck | Ttotal | Status | Flags |
---|---|---|---|---|---|---|
r-devel-linux-x86_64-debian-clang | 0.1.6 | 7.94 | 84.75 | 92.69 | NOTE | |
r-devel-linux-x86_64-debian-gcc | 0.1.6 | 5.75 | 58.01 | 63.76 | NOTE | |
r-devel-linux-x86_64-fedora-clang | 0.1.6 | 146.77 | OK | |||
r-devel-linux-x86_64-fedora-gcc | 0.1.6 | 143.44 | OK | |||
r-devel-windows-x86_64 | 0.1.6 | 10.00 | 154.00 | 164.00 | OK | |
r-patched-linux-x86_64 | 0.1.6 | 8.64 | 83.53 | 92.17 | OK | |
r-release-linux-x86_64 | 0.1.6 | 8.11 | 83.56 | 91.67 | OK | |
r-release-macos-arm64 | 0.1.6 | 77.00 | OK | |||
r-release-macos-x86_64 | 0.1.6 | 128.00 | OK | |||
r-release-windows-x86_64 | 0.1.6 | 10.00 | 151.00 | 161.00 | OK | |
r-oldrel-macos-arm64 | 0.1.6 | 68.00 | OK | |||
r-oldrel-macos-x86_64 | 0.1.6 | 99.00 | OK | |||
r-oldrel-windows-x86_64 | 0.1.6 | 12.00 | 193.00 | 205.00 | OK |
Version: 0.1.6
Check: CRAN incoming feasibility
Result: NOTE
Maintainer: ‘Haeran Cho <haeran.cho@bristol.ac.uk>’
The Description field contains
methodology and Owens, Cho and Barigozzi (2024+) <arXiv:2301.11675>
Please refer to arXiv e-prints via their arXiv DOI <doi:10.48550/arXiv.YYMM.NNNNN>.
Flavors: r-devel-linux-x86_64-debian-clang, r-devel-linux-x86_64-debian-gcc