CRAN Package Check Results for Package forestdata

Last updated on 2025-07-17 04:54:39 CEST.

Flavor Version Tinstall Tcheck Ttotal Status Flags
r-devel-linux-x86_64-debian-clang 0.3.1 6.01 112.37 118.38 OK
r-devel-linux-x86_64-debian-gcc 0.3.1 3.98 80.09 84.07 OK
r-devel-linux-x86_64-fedora-clang 0.3.1 180.97 OK
r-devel-linux-x86_64-fedora-gcc 0.3.1 222.94 OK
r-devel-windows-x86_64 0.3.1 8.00 300.00 308.00 OK
r-patched-linux-x86_64 0.3.1 7.26 106.58 113.84 OK
r-release-linux-x86_64 0.3.1 6.41 105.14 111.55 OK
r-release-macos-arm64 0.3.1 557.00 OK
r-release-macos-x86_64 0.3.1 575.00 OK
r-release-windows-x86_64 0.3.1 9.00 181.00 190.00 ERROR
r-oldrel-macos-arm64 0.3.1 504.00 OK
r-oldrel-macos-x86_64 0.3.1 552.00 OK
r-oldrel-windows-x86_64 0.3.1 11.00 229.00 240.00 OK

Additional issues

donttest

Check Details

Version: 0.3.1
Check: tests
Result: ERROR Running 'testthat.R' [114s] Running the tests in 'tests/testthat.R' failed. Complete output: > # This file is part of the standard setup for testthat. > # It is recommended that you do not modify it. > # > # Where should you do additional test configuration? > # Learn more about the roles of various files in: > # * https://r-pkgs.org/testing-design.html#sec-tests-files-overview > # * https://testthat.r-lib.org/articles/special-files.html > > library(testthat) > library(forestdata) > > test_check("forestdata") ℹ Downloading data... ✔ Downloaded [423ms] ℹ Preparing data... ✔ Prepared [46ms] ✔ Cite this dataset using <https://doi.org/10.1111/gcb.16302> terra 1.8.54 Attaching package: 'terra' The following objects are masked from 'package:testthat': compare, describe ℹ Downloading data... ✖ Download failed [4ms] ✖ `fd_forest_chorological()` failed to retrieve the data. Service might be currently unavailable ✖ `fd_forest_chorological()` failed to retrieve the data. Service might be currently unavailable i Downloading data... x Download failed [5ms] x `fd_forest_chorological()` failed to retrieve the data. Service might be currently unavailable i Downloading data... x Download failed [4ms] x `fd_forest_chorological()` failed to retrieve the data. Service might be currently unavailable i Downloading data... x Download failed [4ms] x `fd_forest_chorological()` failed to retrieve the data. Service might be currently unavailable i Downloading data... x Download failed [4ms] x `fd_forest_chorological()` failed to retrieve the data. Service might be currently unavailable ℹ Downloading data... ✖ Download failed [5ms] ✖ `fd_forest_eutrees4f()` failed to retrieve the data. Service might be currently unavailable ✖ `fd_forest_eutrees4f()` failed to retrieve the data. Service might be currently unavailable ✖ `fd_forest_eutrees4f()` failed to retrieve the data. Service might be currently unavailable ✖ `fd_forest_eutrees4f()` failed to retrieve the data. Service might be currently unavailable ✖ `fd_forest_eutrees4f()` failed to retrieve the data. Service might be currently unavailable ℹ Downloading data... ✖ Download failed [4ms] ✖ `fd_forest_eutrees4f()` failed to retrieve the data. Service might be currently unavailable ℹ Downloading data... ✖ Download failed [5ms] ✖ `fd_forest_eutrees4f()` failed to retrieve the data. Service might be currently unavailable ℹ Downloading data... ✖ Download failed [5ms] ✖ `fd_forest_eutrees4f()` failed to retrieve the data. Service might be currently unavailable ℹ Downloading data... ✖ Download failed [4ms] ✖ `fd_forest_eutrees4f()` failed to retrieve the data. Service might be currently unavailable ℹ Downloading data... ✖ Download failed [4ms] ✖ `fd_forest_eutrees4f()` failed to retrieve the data. Service might be currently unavailable ℹ Downloading data... ✖ Download failed [3ms] ✖ `fd_forest_eutrees4f()` failed to retrieve the data. Service might be currently unavailable ℹ Downloading data... ✖ Download failed [5ms] ✖ `fd_forest_eutrees4f()` failed to retrieve the data. Service might be currently unavailable ℹ Downloading data... ✖ Download failed [4ms] ✖ `fd_forest_eutrees4f()` failed to retrieve the data. Service might be currently unavailable ℹ Downloading data... ✖ Download failed [4ms] ✖ `fd_forest_eutrees4f()` failed to retrieve the data. Service might be currently unavailable i Downloading data... v Downloaded [3.1s] i Preparing data... v Prepared [10ms] v Visit <https://www.miteco.gob.es/es/biodiversidad/servicios/banco-datos-naturaleza/informacion-disponible/mfe50.html> for more information i Downloading data... v Downloaded [2.6s] i Preparing data... v Prepared [18ms] v Visit <https://www.miteco.gob.es/es/biodiversidad/servicios/banco-datos-naturaleza/informacion-disponible/mfe50.html> for more information i Downloading data... v Downloaded [1.8s] i Preparing data... v Prepared [18ms] v Visit <https://www.miteco.gob.es/es/biodiversidad/servicios/banco-datos-naturaleza/informacion-disponible/mfe50.html> for more information ℹ Downloading data... ✔ Downloaded [53.2s] ℹ Preparing data... ✔ Prepared [19ms] ℹ Downloading data... ✔ Downloaded [12ms] ℹ Preparing data... ✔ Prepared [17ms] ℹ Downloading data... ✔ Downloaded [11ms] ℹ Preparing data... ✔ Prepared [13ms] ℹ Downloading data... ✔ Downloaded [10ms] ℹ Preparing data... ✔ Prepared [14ms] ℹ Downloading data... ✔ Downloaded [11ms] ℹ Preparing data... ✔ Prepared [15ms] [ FAIL 2 | WARN 0 | SKIP 20 | PASS 32 ] ══ Skipped tests (20) ══════════════════════════════════════════════════════════ • Not a raster object, skipping test on atlas (5): 'test-eutrees4f.R:82:5', 'test-eutrees4f.R:100:5', 'test-eutrees4f.R:118:5', 'test-eutrees4f.R:138:5', 'test-eutrees4f.R:163:5' • Not a sf object, skipping test on atlas (1): 'test-chorological-maps.R:50:5' • On CRAN (14): 'test-GLAD.R:18:3', 'test-GLAD.R:35:3', 'test-GLAD.R:54:3', 'test-canopy-height.R:20:3', 'test-canopy-height.R:29:3', 'test-canopy-height.R:45:3', 'test-canopy-height.R:59:3', 'test-canopy-height.R:94:3', 'test-forest-country.R:36:3', 'test-land-cover.R:8:3', 'test-land-cover.R:22:3', 'test-land-cover.R:63:3', 'test-land-cover.R:84:3', 'test-land-cover.R:134:3' ══ Failed tests ════════════════════════════════════════════════════════════════ ── Failure ('test-allometry.R:9:3'): Database is downloaded in correct format ── class(tallo_tbl)[1] (`actual`) not equal to "tbl_df" (`expected`). `actual`: "try-error" `expected`: "tbl_df" ── Error ('test-allometry.R:14:3'): Data is downloaded ───────────────────────── Error in `expect_compare(">", act, exp)`: Result of comparison must be a single logical value Backtrace: ▆ 1. └─testthat::expect_gt(nrow(tallo_tbl), 1) at test-allometry.R:14:3 2. └─testthat:::expect_compare(">", act, exp) 3. └─rlang::abort("Result of comparison must be a single logical value") [ FAIL 2 | WARN 0 | SKIP 20 | PASS 32 ] Error: Test failures Execution halted Flavor: r-release-windows-x86_64