Last updated on 2025-07-19 04:49:22 CEST.
Flavor | Version | Tinstall | Tcheck | Ttotal | Status | Flags |
---|---|---|---|---|---|---|
r-devel-linux-x86_64-debian-clang | 0.4.0 | 4.65 | 40.75 | 45.40 | NOTE | |
r-devel-linux-x86_64-debian-gcc | 0.4.0 | 2.88 | 29.85 | 32.73 | NOTE | |
r-devel-linux-x86_64-fedora-clang | 0.4.0 | 68.72 | OK | |||
r-devel-linux-x86_64-fedora-gcc | 0.4.0 | 70.44 | OK | |||
r-devel-windows-x86_64 | 0.4.0 | 7.00 | 64.00 | 71.00 | OK | |
r-patched-linux-x86_64 | 0.4.0 | 5.23 | 37.94 | 43.17 | OK | |
r-release-linux-x86_64 | 0.4.0 | 4.73 | 37.85 | 42.58 | OK | |
r-release-macos-arm64 | 0.4.0 | 23.00 | OK | |||
r-release-macos-x86_64 | 0.4.0 | 36.00 | OK | |||
r-release-windows-x86_64 | 0.4.0 | 5.00 | 64.00 | 69.00 | OK | |
r-oldrel-macos-arm64 | 0.4.0 | 26.00 | OK | |||
r-oldrel-macos-x86_64 | 0.4.0 | 32.00 | OK | |||
r-oldrel-windows-x86_64 | 0.4.0 | 9.00 | 70.00 | 79.00 | OK |
Version: 0.4.0
Check: CRAN incoming feasibility
Result: NOTE
Maintainer: ‘Matthew J. Vavrek <matthew@matthewvavrek.com>’
No Authors@R field in DESCRIPTION.
Please add one, modifying
Authors@R: person(given = c("Matthew", "J."),
family = "Vavrek",
role = c("aut", "cre"),
email = "matthew@matthewvavrek.com")
as necessary.
Package CITATION file contains call(s) to old-style citEntry(). Please
use bibentry() instead.
Flavors: r-devel-linux-x86_64-debian-clang, r-devel-linux-x86_64-debian-gcc