CRAN Package Check Results for Package fracture

Last updated on 2025-07-19 04:49:22 CEST.

Flavor Version Tinstall Tcheck Ttotal Status Flags
r-devel-linux-x86_64-debian-clang 0.2.1 12.01 30.92 42.93 NOTE
r-devel-linux-x86_64-debian-gcc 0.2.1 8.54 24.15 32.69 NOTE
r-devel-linux-x86_64-fedora-clang 0.2.1 74.36 NOTE
r-devel-linux-x86_64-fedora-gcc 0.2.1 68.78 NOTE
r-devel-windows-x86_64 0.2.1 15.00 68.00 83.00 NOTE
r-patched-linux-x86_64 0.2.1 11.42 28.27 39.69 NOTE
r-release-linux-x86_64 0.2.1 11.70 28.65 40.35 NOTE
r-release-macos-arm64 0.2.1 25.00 NOTE
r-release-macos-x86_64 0.2.1 37.00 NOTE
r-release-windows-x86_64 0.2.1 17.00 65.00 82.00 NOTE
r-oldrel-macos-arm64 0.2.1 25.00 NOTE
r-oldrel-macos-x86_64 0.2.1 33.00 NOTE
r-oldrel-windows-x86_64 0.2.1 16.00 77.00 93.00 NOTE

Check Details

Version: 0.2.1
Check: C++ specification
Result: NOTE Specified C++11: please drop specification unless essential Flavors: r-devel-linux-x86_64-debian-clang, r-devel-linux-x86_64-debian-gcc, r-devel-linux-x86_64-fedora-clang, r-devel-linux-x86_64-fedora-gcc, r-devel-windows-x86_64, r-patched-linux-x86_64, r-release-linux-x86_64, r-release-macos-arm64, r-release-macos-x86_64, r-release-windows-x86_64, r-oldrel-macos-arm64, r-oldrel-macos-x86_64, r-oldrel-windows-x86_64